{"id":116,"date":"2021-10-18T10:06:26","date_gmt":"2021-10-18T15:06:26","guid":{"rendered":"http:\/\/10.100.20.231\/?page_id=116"},"modified":"2023-12-15T12:31:23","modified_gmt":"2023-12-15T18:31:23","slug":"inicio","status":"publish","type":"page","link":"http:\/\/10.100.20.231\/estandarizacion\/","title":{"rendered":"Estandarizaci\u00f3n"},"content":{"rendered":"\n<div class=\"wp-container-2 wp-block-group alignfull intro has-background-background-color has-background\" id=\"intro-inicio\">\n<div class=\"wp-block-columns\">\n<div class=\"wp-block-column\" style=\"flex-basis:66.66%\">\n<h1 id=\"e-economia-gob-mx\">Estandarizaci\u00f3n<\/h1>\n<\/div>\n\n\n\n<div class=\"wp-block-column\" style=\"flex-basis:33.33%\"><\/div>\n<\/div>\n\n\n\n<div class=\"wp-block-columns\">\n<div class=\"wp-block-column\" style=\"flex-basis:58%\" id=\"intro-buscador\">\n<p>Procedimiento a trav\u00e9s del cual se autorregulan las actividades de los sectores p\u00fablico y privado mediante la elaboraci\u00f3n de Est\u00e1ndares.<\/p>\n\n\n\n<p>Los Est\u00e1ndares son de gran importancia ya que promueven el desarrollo econ\u00f3mico para la producci\u00f3n de bienes y servicios a fin de ampliar la capacidad productiva y el mejoramiento continuo en las cadenas de valor.<\/p>\n<\/div>\n\n\n\n<div class=\"wp-block-column\" style=\"flex-basis:33.33%\">\n<div class=\"wp-container-1 wp-block-group\"><\/div>\n<\/div>\n<\/div>\n<\/div>\n\n\n\n<section class=\"wp-container-4 wp-block-group alignfull ancho-completo has-background\" style=\"background-color:#f4f4f4;padding-top:60px;padding-bottom:60px\">\n<div class=\"wp-container-3 wp-block-group contenido\">\n<h2 class=\"max-dos-tercios\" style=\"margin-bottom:92px\">Elementos clave de la Estandarizaci\u00f3n<\/h2>\n\n\n\n<h3>Est\u00e1ndares<\/h3>\n\n\n\n<div style=\"height:20px\" aria-hidden=\"true\" class=\"wp-block-spacer\"><\/div>\n\n\n\n<p class=\"max-dos-tercios\">Documentos t\u00e9cnicos de uso com\u00fan y repetido de reglas, especificaciones, atributos o m\u00e9todos de prueba que son aplicables a un bien, producto, proceso o servicio, as\u00ed como aquellas relativas a terminolog\u00eda, simbolog\u00eda, embalaje, marcado, etiquetado o concordancias.<\/p>\n\n\n\n<p class=\"ver-mas\"><a href=\"https:\/\/platiica.economia.gob.mx\/estandarizacion\/estandares\/\">M\u00e1s informaci\u00f3n<\/a><\/p>\n<\/div>\n<\/section>\n\n\n\n<section class=\"wp-container-7 wp-block-group alignfull ancho-completo\" id=\"estandares\" style=\"padding-top:60px;padding-bottom:60px\">\n<div class=\"wp-container-6 wp-block-group contenido\">\n<div class=\"wp-block-columns\">\n<div class=\"wp-block-column\" style=\"flex-basis:66.6%\">\n<h2>Cat\u00e1logo Mexicano de Est\u00e1ndares<\/h2>\n\n\n\n<p>Listado de los Est\u00e1ndares con su descripci\u00f3n, datos de inter\u00e9s y antecedentes.<\/p>\n\n\n\n<p><strong>La ficha de cada Est\u00e1ndar contiene:<\/strong><\/p>\n\n\n\n<ul><li>Clave<\/li><li>Estado<\/li><li>Descripci\u00f3n<\/li><li>Documento descargable del Est\u00e1ndar<\/li><li>Historial de actualizaciones<\/li><li>Referencias<\/li><li>Bibliograf\u00eda<\/li><li>Historial de cancelaciones<\/li><li>Revisiones<\/li><\/ul>\n\n\n\n<div class=\"wp-container-5 wp-block-buttons\" style=\"margin-top:50px;margin-bottom:0px\">\n<div class=\"wp-block-button has-custom-font-size has-normal-font-size\"><a class=\"wp-block-button__link has-background\" href=\"https:\/\/platiica.economia.gob.mx\/estandarizacion\/catalogo-mexicano-de-estandares\/\" style=\"border-radius:3px;background-color:#691c32\">Ir al Cat\u00e1logo<\/a><\/div>\n<\/div>\n<\/div>\n\n\n\n<div class=\"wp-block-column\"><\/div>\n<\/div>\n<\/div>\n<\/section>\n\n\n\n<div class=\"wp-container-9 wp-block-group alignfull\" id=\"contacto-footer\">\n<div class=\"wp-block-columns\">\n<div class=\"wp-block-column\" style=\"flex-basis:67%\">\n<h2 id=\"contacto\">Contacto<\/h2>\n\n\n\n<p>Pachuca 189 Col. Condesa, Demarcaci\u00f3n Territorial Cuauht\u00e9moc 06140 Ciudad de M\u00e9xico<br>Conmutador: <a href=\"tel:5557299100\">(55) 5729-9100<\/a> Ext. 13218<br>Atenci\u00f3n Ciudadana: <a href=\"tel:5552296260\">(55)5229-6260<\/a> y <a href=\"tel:5552296264\">(55)5229-6264<\/a><br><a href=\"mailto:platiica@economia.gob.mx\">platiica@economia.gob.mx<\/a><br><a href=\"mailto:contacto.ciudadano@economia.gob.mx\"><\/a><a href=\"mailto:contacto.ciudadano@economia.gob.mx\">contacto.ciudadano@economia.gob.mx<\/a><br>Secretar\u00eda de Econom\u00eda.<\/p>\n<\/div>\n\n\n\n<div class=\"wp-block-column\">\n<h3 id=\"contacto\">S\u00edguenos en<\/h3>\n\n\n\n<div class=\"wp-container-8 wp-block-group\" style=\"padding-top:0px;padding-right:0px;padding-bottom:0px;padding-left:0px\">\n<figure class=\"wp-block-image size-full is-resized\"><a href=\"https:\/\/twitter.com\/SE_mx\" target=\"_blank\" rel=\"Twitter Secretar\u00eda de Econom\u00eda noopener\"><img loading=\"lazy\" src=\"https:\/\/platiica.economia.gob.mx\/estandarizacion\/wp-content\/uploads\/2023\/12\/x-logo.svg\" alt=\"\" class=\"wp-image-228509\" width=\"27\" height=\"27\"\/><\/a><\/figure>\n\n\n\n<figure class=\"wp-block-image size-large is-resized\"><a href=\"https:\/\/es-la.facebook.com\/SE.Economia\/\" target=\"_blank\" rel=\"Facebook Secretar\u00eda de Econom\u00eda noopener\"><img loading=\"lazy\" src=\"https:\/\/platiica.economia.gob.mx\/estandarizacion\/wp-content\/uploads\/2023\/12\/fb-logo.svg\" alt=\"\" class=\"wp-image-228510\" width=\"27\" height=\"27\"\/><\/a><\/figure>\n\n\n\n<figure class=\"wp-block-image size-large is-resized\"><a href=\"https:\/\/www.instagram.com\/secretariaeconomia\/\" target=\"_blank\" rel=\"Instagram Secretar\u00eda de Economia noopener\"><img loading=\"lazy\" src=\"https:\/\/platiica.economia.gob.mx\/estandarizacion\/wp-content\/uploads\/2023\/12\/ig-logo.svg\" alt=\"\" class=\"wp-image-228511\" width=\"27\" height=\"27\"\/><\/a><\/figure>\n\n\n\n<figure class=\"wp-block-image size-large is-resized\"><a href=\"https:\/\/www.youtube.com\/channel\/UCBFqO4hPZ1rKgjf_CqqbS6g\" target=\"_blank\" rel=\"YouTube Secretar\u00eda de Econom\u00eda noopener\"><img loading=\"lazy\" src=\"https:\/\/platiica.economia.gob.mx\/estandarizacion\/wp-content\/uploads\/2023\/12\/yt-logo.svg\" alt=\"\" class=\"wp-image-228512\" width=\"27\" height=\"27\"\/><\/a><\/figure>\n<\/div>\n<\/div>\n<\/div>\n<\/div>\n","protected":false},"excerpt":{"rendered":"<p>Es el proceso de ajustar o adaptar caracter\u00edsticas en un producto, servicio o procedimiento con el objetivo de que este se asemeje a un tipo, modelo o norma.<\/p>\n","protected":false},"author":4,"featured_media":0,"parent":0,"menu_order":0,"comment_status":"closed","ping_status":"closed","template":"","meta":{"_links_to":"","_links_to_target":""},"yoast_head":"<!-- This site is optimized with the Yoast SEO plugin v21.5 - https:\/\/yoast.com\/wordpress\/plugins\/seo\/ -->\n<title>Estandarizaci\u00f3n - Secretar\u00eda de Econom\u00eda<\/title>\n<meta name=\"description\" content=\"Encuentra informaci\u00f3n acerca de los trabajos de estandarizaci\u00f3n en M\u00e9xico y los organismos que los realizan, y accede al Cat\u00e1logo Mexicano de Est\u00e1ndares.\" \/>\n<meta name=\"robots\" content=\"index, follow, max-snippet:-1, max-image-preview:large, max-video-preview:-1\" \/>\n<link rel=\"canonical\" href=\"http:\/\/10.100.20.231\/estandarizacion\/\" \/>\n<meta property=\"og:locale\" content=\"es_MX\" \/>\n<meta property=\"og:type\" content=\"article\" \/>\n<meta property=\"og:title\" content=\"Estandarizaci\u00f3n - Secretar\u00eda de Econom\u00eda\" \/>\n<meta property=\"og:description\" content=\"Encuentra informaci\u00f3n acerca de los trabajos de estandarizaci\u00f3n en M\u00e9xico y los organismos que los realizan, y accede al Cat\u00e1logo Mexicano de Est\u00e1ndares.\" \/>\n<meta property=\"og:url\" content=\"http:\/\/10.100.20.231\/estandarizacion\/\" \/>\n<meta property=\"og:site_name\" content=\"Estandarizaci\u00f3n\" \/>\n<meta property=\"article:modified_time\" content=\"2023-12-15T18:31:23+00:00\" \/>\n<meta property=\"og:image\" content=\"http:\/\/10.100.20.231\/estandarizacion\/wp-content\/uploads\/2023\/12\/x-logo.svg\" \/>\n<meta name=\"twitter:card\" content=\"summary_large_image\" \/>\n<meta name=\"twitter:label1\" content=\"Tiempo de lectura\" \/>\n\t<meta name=\"twitter:data1\" content=\"1 minuto\" \/>\n<script type=\"application\/ld+json\" class=\"yoast-schema-graph\">{\"@context\":\"https:\/\/schema.org\",\"@graph\":[{\"@type\":\"WebPage\",\"@id\":\"http:\/\/10.100.20.231\/estandarizacion\/\",\"url\":\"http:\/\/10.100.20.231\/estandarizacion\/\",\"name\":\"Estandarizaci\u00f3n - Secretar\u00eda de Econom\u00eda\",\"isPartOf\":{\"@id\":\"http:\/\/10.100.20.231\/estandarizacion\/#website\"},\"datePublished\":\"2021-10-18T15:06:26+00:00\",\"dateModified\":\"2023-12-15T18:31:23+00:00\",\"description\":\"Encuentra informaci\u00f3n acerca de los trabajos de estandarizaci\u00f3n en M\u00e9xico y los organismos que los realizan, y accede al Cat\u00e1logo Mexicano de Est\u00e1ndares.\",\"breadcrumb\":{\"@id\":\"http:\/\/10.100.20.231\/estandarizacion\/#breadcrumb\"},\"inLanguage\":\"es-MX\",\"potentialAction\":[{\"@type\":\"ReadAction\",\"target\":[\"http:\/\/10.100.20.231\/estandarizacion\/\"]}]},{\"@type\":\"BreadcrumbList\",\"@id\":\"http:\/\/10.100.20.231\/estandarizacion\/#breadcrumb\",\"itemListElement\":[{\"@type\":\"ListItem\",\"position\":1,\"name\":\"Inicio\",\"item\":\"http:\/\/10.100.20.231\/estandarizacion\/\"},{\"@type\":\"ListItem\",\"position\":2,\"name\":\"Estandarizaci\u00f3n\"}]},{\"@type\":\"WebSite\",\"@id\":\"http:\/\/10.100.20.231\/estandarizacion\/#website\",\"url\":\"http:\/\/10.100.20.231\/estandarizacion\/\",\"name\":\"Estandarizaci\u00f3n\",\"description\":\"\",\"publisher\":{\"@id\":\"http:\/\/10.100.20.231\/estandarizacion\/#organization\"},\"potentialAction\":[{\"@type\":\"SearchAction\",\"target\":{\"@type\":\"EntryPoint\",\"urlTemplate\":\"http:\/\/10.100.20.231\/estandarizacion\/?s={search_term_string}\"},\"query-input\":\"required name=search_term_string\"}],\"inLanguage\":\"es-MX\"},{\"@type\":\"Organization\",\"@id\":\"http:\/\/10.100.20.231\/estandarizacion\/#organization\",\"name\":\"Estandarizaci\u00f3n\",\"url\":\"http:\/\/10.100.20.231\/estandarizacion\/\",\"logo\":{\"@type\":\"ImageObject\",\"inLanguage\":\"es-MX\",\"@id\":\"http:\/\/10.100.20.231\/estandarizacion\/#\/schema\/logo\/image\/\",\"url\":\"http:\/\/10.100.20.231\/estandarizacion\/wp-content\/uploads\/sites\/3\/2021\/10\/logo-gobierno-mexico.svg\",\"contentUrl\":\"http:\/\/10.100.20.231\/estandarizacion\/wp-content\/uploads\/sites\/3\/2021\/10\/logo-gobierno-mexico.svg\",\"width\":123,\"height\":36,\"caption\":\"Estandarizaci\u00f3n\"},\"image\":{\"@id\":\"http:\/\/10.100.20.231\/estandarizacion\/#\/schema\/logo\/image\/\"}}]}<\/script>\n<!-- \/ Yoast SEO plugin. -->","yoast_head_json":{"title":"Estandarizaci\u00f3n - Secretar\u00eda de Econom\u00eda","description":"Encuentra informaci\u00f3n acerca de los trabajos de estandarizaci\u00f3n en M\u00e9xico y los organismos que los realizan, y accede al Cat\u00e1logo Mexicano de Est\u00e1ndares.","robots":{"index":"index","follow":"follow","max-snippet":"max-snippet:-1","max-image-preview":"max-image-preview:large","max-video-preview":"max-video-preview:-1"},"canonical":"http:\/\/10.100.20.231\/estandarizacion\/","og_locale":"es_MX","og_type":"article","og_title":"Estandarizaci\u00f3n - Secretar\u00eda de Econom\u00eda","og_description":"Encuentra informaci\u00f3n acerca de los trabajos de estandarizaci\u00f3n en M\u00e9xico y los organismos que los realizan, y accede al Cat\u00e1logo Mexicano de Est\u00e1ndares.","og_url":"http:\/\/10.100.20.231\/estandarizacion\/","og_site_name":"Estandarizaci\u00f3n","article_modified_time":"2023-12-15T18:31:23+00:00","og_image":[{"url":"http:\/\/10.100.20.231\/estandarizacion\/wp-content\/uploads\/2023\/12\/x-logo.svg"}],"twitter_card":"summary_large_image","twitter_misc":{"Tiempo de lectura":"1 minuto"},"schema":{"@context":"https:\/\/schema.org","@graph":[{"@type":"WebPage","@id":"http:\/\/10.100.20.231\/estandarizacion\/","url":"http:\/\/10.100.20.231\/estandarizacion\/","name":"Estandarizaci\u00f3n - Secretar\u00eda de Econom\u00eda","isPartOf":{"@id":"http:\/\/10.100.20.231\/estandarizacion\/#website"},"datePublished":"2021-10-18T15:06:26+00:00","dateModified":"2023-12-15T18:31:23+00:00","description":"Encuentra informaci\u00f3n acerca de los trabajos de estandarizaci\u00f3n en M\u00e9xico y los organismos que los realizan, y accede al Cat\u00e1logo Mexicano de Est\u00e1ndares.","breadcrumb":{"@id":"http:\/\/10.100.20.231\/estandarizacion\/#breadcrumb"},"inLanguage":"es-MX","potentialAction":[{"@type":"ReadAction","target":["http:\/\/10.100.20.231\/estandarizacion\/"]}]},{"@type":"BreadcrumbList","@id":"http:\/\/10.100.20.231\/estandarizacion\/#breadcrumb","itemListElement":[{"@type":"ListItem","position":1,"name":"Inicio","item":"http:\/\/10.100.20.231\/estandarizacion\/"},{"@type":"ListItem","position":2,"name":"Estandarizaci\u00f3n"}]},{"@type":"WebSite","@id":"http:\/\/10.100.20.231\/estandarizacion\/#website","url":"http:\/\/10.100.20.231\/estandarizacion\/","name":"Estandarizaci\u00f3n","description":"","publisher":{"@id":"http:\/\/10.100.20.231\/estandarizacion\/#organization"},"potentialAction":[{"@type":"SearchAction","target":{"@type":"EntryPoint","urlTemplate":"http:\/\/10.100.20.231\/estandarizacion\/?s={search_term_string}"},"query-input":"required name=search_term_string"}],"inLanguage":"es-MX"},{"@type":"Organization","@id":"http:\/\/10.100.20.231\/estandarizacion\/#organization","name":"Estandarizaci\u00f3n","url":"http:\/\/10.100.20.231\/estandarizacion\/","logo":{"@type":"ImageObject","inLanguage":"es-MX","@id":"http:\/\/10.100.20.231\/estandarizacion\/#\/schema\/logo\/image\/","url":"http:\/\/10.100.20.231\/estandarizacion\/wp-content\/uploads\/sites\/3\/2021\/10\/logo-gobierno-mexico.svg","contentUrl":"http:\/\/10.100.20.231\/estandarizacion\/wp-content\/uploads\/sites\/3\/2021\/10\/logo-gobierno-mexico.svg","width":123,"height":36,"caption":"Estandarizaci\u00f3n"},"image":{"@id":"http:\/\/10.100.20.231\/estandarizacion\/#\/schema\/logo\/image\/"}}]}},"_links":{"self":[{"href":"http:\/\/10.100.20.231\/estandarizacion\/wp-json\/wp\/v2\/pages\/116"}],"collection":[{"href":"http:\/\/10.100.20.231\/estandarizacion\/wp-json\/wp\/v2\/pages"}],"about":[{"href":"http:\/\/10.100.20.231\/estandarizacion\/wp-json\/wp\/v2\/types\/page"}],"author":[{"embeddable":true,"href":"http:\/\/10.100.20.231\/estandarizacion\/wp-json\/wp\/v2\/users\/4"}],"replies":[{"embeddable":true,"href":"http:\/\/10.100.20.231\/estandarizacion\/wp-json\/wp\/v2\/comments?post=116"}],"version-history":[{"count":0,"href":"http:\/\/10.100.20.231\/estandarizacion\/wp-json\/wp\/v2\/pages\/116\/revisions"}],"wp:attachment":[{"href":"http:\/\/10.100.20.231\/estandarizacion\/wp-json\/wp\/v2\/media?parent=116"}],"curies":[{"name":"wp","href":"https:\/\/api.w.org\/{rel}","templated":true}]}}