{"id":47771,"date":"2022-08-09T11:26:33","date_gmt":"2022-08-09T16:26:33","guid":{"rendered":"http:\/\/10.100.20.231\/estandarizacion\/?page_id=47771"},"modified":"2023-10-20T13:15:21","modified_gmt":"2023-10-20T19:15:21","slug":"procedimiento-de-elaboracion-de-estandares","status":"publish","type":"page","link":"http:\/\/10.100.20.231\/estandarizacion\/procedimiento-de-elaboracion-de-estandares\/","title":{"rendered":"Procedimiento de elaboraci\u00f3n de est\u00e1ndares"},"content":{"rendered":"\n<div class=\"wp-container-3 wp-block-group alignfull barra contenido-principal max-dos-tercios informativa\" id=\"filtrable\">\n<div class=\"wp-container-1 wp-block-group yoast-breadcrumbs\">\n<p><a href=\"https:\/\/platiica.economia.gob.mx\/\">Inicio<\/a> &gt; <a href=\"https:\/\/platiica.economia.gob.mx\/estandarizacion\/\">Estandarizaci\u00f3n<\/a> &gt; <a href=\"https:\/\/platiica.economia.gob.mx\/estandarizacion\/estandares\/\">Est\u00e1ndares<\/a> &gt; Procedimiento de elaboraci\u00f3n de Est\u00e1ndares<\/p>\n<\/div>\n\n\n\n<h1><strong>Procedimiento de elaboraci\u00f3n de los Est\u00e1ndares<\/strong><\/h1>\n\n\n\n<p><\/p>\n\n\n\n<div class=\"wp-block-image\"><figure class=\"aligncenter size-full\"><img loading=\"lazy\" width=\"2512\" height=\"1361\" src=\"https:\/\/platiica.economia.gob.mx\/estandarizacion\/wp-content\/uploads\/sites\/3\/2023\/06\/ProcesoEstandarizacio\u0301n.jpeg\" alt=\"Procedimiento de elaboraci\u00f3n de Est\u00e1ndares. \" class=\"wp-image-60807\" srcset=\"https:\/\/platiica.economia.gob.mx\/estandarizacion\/wp-content\/uploads\/sites\/3\/2023\/06\/ProcesoEstandarizacio\u0301n.jpeg 2512w, https:\/\/platiica.economia.gob.mx\/estandarizacion\/wp-content\/uploads\/sites\/3\/2023\/06\/ProcesoEstandarizacio\u0301n-300x163.jpeg 300w, https:\/\/platiica.economia.gob.mx\/estandarizacion\/wp-content\/uploads\/sites\/3\/2023\/06\/ProcesoEstandarizacio\u0301n-1024x555.jpeg 1024w, https:\/\/platiica.economia.gob.mx\/estandarizacion\/wp-content\/uploads\/sites\/3\/2023\/06\/ProcesoEstandarizacio\u0301n-768x416.jpeg 768w, https:\/\/platiica.economia.gob.mx\/estandarizacion\/wp-content\/uploads\/sites\/3\/2023\/06\/ProcesoEstandarizacio\u0301n-1536x832.jpeg 1536w, https:\/\/platiica.economia.gob.mx\/estandarizacion\/wp-content\/uploads\/sites\/3\/2023\/06\/ProcesoEstandarizacio\u0301n-2048x1110.jpeg 2048w, https:\/\/platiica.economia.gob.mx\/estandarizacion\/wp-content\/uploads\/sites\/3\/2023\/06\/ProcesoEstandarizacio\u0301n-1600x867.jpeg 1600w\" sizes=\"(max-width: 2512px) 100vw, 2512px\" \/><\/figure><\/div>\n\n\n\n<p>Para la elaboraci\u00f3n de los Est\u00e1ndares se seguir\u00e1 el siguiente procedimiento, mismo que se detallar\u00e1 en el Reglamento de la Ley de Infraestructura de la Calidad:<\/p>\n\n\n\n<ol><li>Elaboraci\u00f3n de la propuesta de <a href=\"https:\/\/platiica.economia.gob.mx\/estandarizacion\/estandares\/\">Est\u00e1ndar<\/a> por los <a href=\"https:\/\/platiica.economia.gob.mx\/estandarizacion\/organismos-nacionales-de-estandarizacion-y-sujetos-facultados-para-estandarizar\/\">Organismos Nacionales de Estandarizaci\u00f3n<\/a>, los dem\u00e1s Sujetos Facultados para Estandarizar o, por excepci\u00f3n, por las Autoridades Normalizadoras;<\/li><li>Presentaci\u00f3n de la propuesta de Est\u00e1ndar al comit\u00e9 t\u00e9cnico de estandarizaci\u00f3n correspondiente para su an\u00e1lisis, revisi\u00f3n y deliberaci\u00f3n, en cuyo momento, se considerar\u00e1 como un anteproyecto de Est\u00e1ndar;<\/li><li>En caso de que el comit\u00e9 t\u00e9cnico de estandarizaci\u00f3n correspondiente lo considere conveniente, constituci\u00f3n del grupo de trabajo para el an\u00e1lisis y revisi\u00f3n del anteproyecto de Est\u00e1ndar;<\/li><li>En su caso, presentaci\u00f3n de los resultados del an\u00e1lisis y revisi\u00f3n del anteproyecto de Est\u00e1ndar por parte del grupo de trabajo ante el comit\u00e9 t\u00e9cnico de estandarizaci\u00f3n, para su deliberaci\u00f3n; <\/li><li>En caso de que el resultado de la deliberaci\u00f3n del comit\u00e9 t\u00e9cnico de estandarizaci\u00f3n sea afirmativo, quien haya elaborado la propuesta de Est\u00e1ndar lo enviar\u00e1 a la Secretar\u00eda para la publicaci\u00f3n de un extracto del proyecto en la Plataforma Tecnol\u00f3gica Integral de Infraestructura de la Calidad, para su consulta p\u00fablica. Cuando la elaboraci\u00f3n de la propuesta del Est\u00e1ndar la haya realizado una Autoridad Normalizadora se publicar\u00e1 el proyecto completo en la Plataforma Tecnol\u00f3gica Integral de Infraestructura de la Calidad;<\/li><li>Recepci\u00f3n, an\u00e1lisis, revisi\u00f3n y resoluci\u00f3n de los comentarios recibidos en consulta p\u00fablica por el comit\u00e9 t\u00e9cnico de estandarizaci\u00f3n o el grupo de trabajo correspondiente;<\/li><li>Las personas cuyos comentarios al proyecto de Est\u00e1ndar sean recibidos en los t\u00e9rminos de lo dispuesto en el Reglamento de la Ley, pero no sean incluidos dentro del proyecto de Est\u00e1ndar, ser\u00e1n invitadas a participar en el comit\u00e9 encargado de la elaboraci\u00f3n del Est\u00e1ndar con anterioridad a la publicaci\u00f3n de su extracto en forma definitiva, con el fin de conocer las razones por las cuales no fueron incluidos sus comentarios y, en su caso, aportar elementos adicionales que permitan su inclusi\u00f3n;<\/li><li>Deliberaci\u00f3n por parte del comit\u00e9 t\u00e9cnico de estandarizaci\u00f3n respectivo de la resoluci\u00f3n de los comentarios recibidos al proyecto de Est\u00e1ndar, y<\/li><li>En caso de que la \u00faltima deliberaci\u00f3n del comit\u00e9 t\u00e9cnico de estandarizaci\u00f3n haya sido afirmativa, quien haya elaborado la propuesta de Est\u00e1ndar emitir\u00e1 el nuevo Est\u00e1ndar y solicitar\u00e1 a la Secretar\u00eda la publicaci\u00f3n del extracto en la Plataforma Tecnol\u00f3gica Integral de Infraestructura de la Calidad.<\/li><\/ol>\n\n\n\n<div class=\"wp-container-2 wp-block-group adicional\">\n<p><strong>Te puede interesar:<\/strong><\/p>\n\n\n\n<p><a href=\"https:\/\/platiica.economia.gob.mx\/estandarizacion\/organismos-nacionales-de-estandarizacion-y-sujetos-facultados-para-estandarizar\/\">&gt; Listado de Organismos Nacionales de Estandarizaci\u00f3n y Sujetos Facultados para Estandarizar<\/a><\/p>\n\n\n\n<p><a href=\"https:\/\/platiica.economia.gob.mx\/estandarizacion\/catalogo-mexicano-de-estandares\/\">&gt; Est\u00e1ndares en el Cat\u00e1logo Mexicano de Est\u00e1ndares<\/a><\/p>\n<\/div>\n<\/div>\n","protected":false},"excerpt":{"rendered":"<p>En el proceso de elaboraci\u00f3n de est\u00e1ndares deben participar todos los sectores interesados, y este se desarrolla a trav\u00e9s de nueve etapas.<\/p>\n","protected":false},"author":1,"featured_media":0,"parent":0,"menu_order":0,"comment_status":"closed","ping_status":"closed","template":"","meta":{"_links_to":"","_links_to_target":""},"yoast_head":"<!-- This site is optimized with the Yoast SEO plugin v21.5 - https:\/\/yoast.com\/wordpress\/plugins\/seo\/ -->\n<title>Procedimiento de elaboraci\u00f3n de est\u00e1ndares - Estandarizaci\u00f3n<\/title>\n<meta name=\"description\" content=\"Ent\u00e9rate de las etapas por medio de las cuales se lleva a cabo el procedimiento de elaboraci\u00f3n de est\u00e1ndares en M\u00e9xico.\" \/>\n<meta name=\"robots\" content=\"index, follow, max-snippet:-1, max-image-preview:large, max-video-preview:-1\" \/>\n<link rel=\"canonical\" href=\"http:\/\/10.100.20.231\/estandarizacion\/procedimiento-de-elaboracion-de-estandares\/\" \/>\n<meta property=\"og:locale\" content=\"es_MX\" \/>\n<meta property=\"og:type\" content=\"article\" \/>\n<meta property=\"og:title\" content=\"Procedimiento de elaboraci\u00f3n de est\u00e1ndares - Estandarizaci\u00f3n\" \/>\n<meta property=\"og:description\" content=\"Ent\u00e9rate de las etapas por medio de las cuales se lleva a cabo el procedimiento de elaboraci\u00f3n de est\u00e1ndares en M\u00e9xico.\" \/>\n<meta property=\"og:url\" content=\"http:\/\/10.100.20.231\/estandarizacion\/procedimiento-de-elaboracion-de-estandares\/\" \/>\n<meta property=\"og:site_name\" content=\"Estandarizaci\u00f3n\" \/>\n<meta property=\"article:modified_time\" content=\"2023-10-20T19:15:21+00:00\" \/>\n<meta property=\"og:image\" content=\"http:\/\/10.100.20.231\/estandarizacion\/wp-content\/uploads\/sites\/3\/2024\/05\/platiica-economia.jpg\" \/>\n\t<meta property=\"og:image:width\" content=\"1200\" \/>\n\t<meta property=\"og:image:height\" content=\"675\" \/>\n\t<meta property=\"og:image:type\" content=\"image\/jpeg\" \/>\n<meta name=\"twitter:card\" content=\"summary_large_image\" \/>\n<meta name=\"twitter:label1\" content=\"Tiempo de lectura\" \/>\n\t<meta name=\"twitter:data1\" content=\"3 minutos\" \/>\n<script type=\"application\/ld+json\" class=\"yoast-schema-graph\">{\"@context\":\"https:\/\/schema.org\",\"@graph\":[{\"@type\":\"WebPage\",\"@id\":\"http:\/\/10.100.20.231\/estandarizacion\/procedimiento-de-elaboracion-de-estandares\/\",\"url\":\"http:\/\/10.100.20.231\/estandarizacion\/procedimiento-de-elaboracion-de-estandares\/\",\"name\":\"Procedimiento de elaboraci\u00f3n de est\u00e1ndares - Estandarizaci\u00f3n\",\"isPartOf\":{\"@id\":\"http:\/\/10.100.20.231\/estandarizacion\/#website\"},\"datePublished\":\"2022-08-09T16:26:33+00:00\",\"dateModified\":\"2023-10-20T19:15:21+00:00\",\"description\":\"Ent\u00e9rate de las etapas por medio de las cuales se lleva a cabo el procedimiento de elaboraci\u00f3n de est\u00e1ndares en M\u00e9xico.\",\"breadcrumb\":{\"@id\":\"http:\/\/10.100.20.231\/estandarizacion\/procedimiento-de-elaboracion-de-estandares\/#breadcrumb\"},\"inLanguage\":\"es-MX\",\"potentialAction\":[{\"@type\":\"ReadAction\",\"target\":[\"http:\/\/10.100.20.231\/estandarizacion\/procedimiento-de-elaboracion-de-estandares\/\"]}]},{\"@type\":\"BreadcrumbList\",\"@id\":\"http:\/\/10.100.20.231\/estandarizacion\/procedimiento-de-elaboracion-de-estandares\/#breadcrumb\",\"itemListElement\":[{\"@type\":\"ListItem\",\"position\":1,\"name\":\"Inicio\",\"item\":\"http:\/\/10.100.20.231\/estandarizacion\/\"},{\"@type\":\"ListItem\",\"position\":2,\"name\":\"Procedimiento de elaboraci\u00f3n de est\u00e1ndares\"}]},{\"@type\":\"WebSite\",\"@id\":\"http:\/\/10.100.20.231\/estandarizacion\/#website\",\"url\":\"http:\/\/10.100.20.231\/estandarizacion\/\",\"name\":\"Estandarizaci\u00f3n\",\"description\":\"\",\"publisher\":{\"@id\":\"http:\/\/10.100.20.231\/estandarizacion\/#organization\"},\"potentialAction\":[{\"@type\":\"SearchAction\",\"target\":{\"@type\":\"EntryPoint\",\"urlTemplate\":\"http:\/\/10.100.20.231\/estandarizacion\/?s={search_term_string}\"},\"query-input\":\"required name=search_term_string\"}],\"inLanguage\":\"es-MX\"},{\"@type\":\"Organization\",\"@id\":\"http:\/\/10.100.20.231\/estandarizacion\/#organization\",\"name\":\"Estandarizaci\u00f3n\",\"url\":\"http:\/\/10.100.20.231\/estandarizacion\/\",\"logo\":{\"@type\":\"ImageObject\",\"inLanguage\":\"es-MX\",\"@id\":\"http:\/\/10.100.20.231\/estandarizacion\/#\/schema\/logo\/image\/\",\"url\":\"http:\/\/10.100.20.231\/estandarizacion\/wp-content\/uploads\/sites\/3\/2021\/10\/logo-gobierno-mexico.svg\",\"contentUrl\":\"http:\/\/10.100.20.231\/estandarizacion\/wp-content\/uploads\/sites\/3\/2021\/10\/logo-gobierno-mexico.svg\",\"width\":123,\"height\":36,\"caption\":\"Estandarizaci\u00f3n\"},\"image\":{\"@id\":\"http:\/\/10.100.20.231\/estandarizacion\/#\/schema\/logo\/image\/\"}}]}<\/script>\n<!-- \/ Yoast SEO plugin. -->","yoast_head_json":{"title":"Procedimiento de elaboraci\u00f3n de est\u00e1ndares - Estandarizaci\u00f3n","description":"Ent\u00e9rate de las etapas por medio de las cuales se lleva a cabo el procedimiento de elaboraci\u00f3n de est\u00e1ndares en M\u00e9xico.","robots":{"index":"index","follow":"follow","max-snippet":"max-snippet:-1","max-image-preview":"max-image-preview:large","max-video-preview":"max-video-preview:-1"},"canonical":"http:\/\/10.100.20.231\/estandarizacion\/procedimiento-de-elaboracion-de-estandares\/","og_locale":"es_MX","og_type":"article","og_title":"Procedimiento de elaboraci\u00f3n de est\u00e1ndares - Estandarizaci\u00f3n","og_description":"Ent\u00e9rate de las etapas por medio de las cuales se lleva a cabo el procedimiento de elaboraci\u00f3n de est\u00e1ndares en M\u00e9xico.","og_url":"http:\/\/10.100.20.231\/estandarizacion\/procedimiento-de-elaboracion-de-estandares\/","og_site_name":"Estandarizaci\u00f3n","article_modified_time":"2023-10-20T19:15:21+00:00","og_image":[{"width":1200,"height":675,"url":"http:\/\/10.100.20.231\/estandarizacion\/wp-content\/uploads\/sites\/3\/2024\/05\/platiica-economia.jpg","type":"image\/jpeg"}],"twitter_card":"summary_large_image","twitter_misc":{"Tiempo de lectura":"3 minutos"},"schema":{"@context":"https:\/\/schema.org","@graph":[{"@type":"WebPage","@id":"http:\/\/10.100.20.231\/estandarizacion\/procedimiento-de-elaboracion-de-estandares\/","url":"http:\/\/10.100.20.231\/estandarizacion\/procedimiento-de-elaboracion-de-estandares\/","name":"Procedimiento de elaboraci\u00f3n de est\u00e1ndares - Estandarizaci\u00f3n","isPartOf":{"@id":"http:\/\/10.100.20.231\/estandarizacion\/#website"},"datePublished":"2022-08-09T16:26:33+00:00","dateModified":"2023-10-20T19:15:21+00:00","description":"Ent\u00e9rate de las etapas por medio de las cuales se lleva a cabo el procedimiento de elaboraci\u00f3n de est\u00e1ndares en M\u00e9xico.","breadcrumb":{"@id":"http:\/\/10.100.20.231\/estandarizacion\/procedimiento-de-elaboracion-de-estandares\/#breadcrumb"},"inLanguage":"es-MX","potentialAction":[{"@type":"ReadAction","target":["http:\/\/10.100.20.231\/estandarizacion\/procedimiento-de-elaboracion-de-estandares\/"]}]},{"@type":"BreadcrumbList","@id":"http:\/\/10.100.20.231\/estandarizacion\/procedimiento-de-elaboracion-de-estandares\/#breadcrumb","itemListElement":[{"@type":"ListItem","position":1,"name":"Inicio","item":"http:\/\/10.100.20.231\/estandarizacion\/"},{"@type":"ListItem","position":2,"name":"Procedimiento de elaboraci\u00f3n de est\u00e1ndares"}]},{"@type":"WebSite","@id":"http:\/\/10.100.20.231\/estandarizacion\/#website","url":"http:\/\/10.100.20.231\/estandarizacion\/","name":"Estandarizaci\u00f3n","description":"","publisher":{"@id":"http:\/\/10.100.20.231\/estandarizacion\/#organization"},"potentialAction":[{"@type":"SearchAction","target":{"@type":"EntryPoint","urlTemplate":"http:\/\/10.100.20.231\/estandarizacion\/?s={search_term_string}"},"query-input":"required name=search_term_string"}],"inLanguage":"es-MX"},{"@type":"Organization","@id":"http:\/\/10.100.20.231\/estandarizacion\/#organization","name":"Estandarizaci\u00f3n","url":"http:\/\/10.100.20.231\/estandarizacion\/","logo":{"@type":"ImageObject","inLanguage":"es-MX","@id":"http:\/\/10.100.20.231\/estandarizacion\/#\/schema\/logo\/image\/","url":"http:\/\/10.100.20.231\/estandarizacion\/wp-content\/uploads\/sites\/3\/2021\/10\/logo-gobierno-mexico.svg","contentUrl":"http:\/\/10.100.20.231\/estandarizacion\/wp-content\/uploads\/sites\/3\/2021\/10\/logo-gobierno-mexico.svg","width":123,"height":36,"caption":"Estandarizaci\u00f3n"},"image":{"@id":"http:\/\/10.100.20.231\/estandarizacion\/#\/schema\/logo\/image\/"}}]}},"_links":{"self":[{"href":"http:\/\/10.100.20.231\/estandarizacion\/wp-json\/wp\/v2\/pages\/47771"}],"collection":[{"href":"http:\/\/10.100.20.231\/estandarizacion\/wp-json\/wp\/v2\/pages"}],"about":[{"href":"http:\/\/10.100.20.231\/estandarizacion\/wp-json\/wp\/v2\/types\/page"}],"author":[{"embeddable":true,"href":"http:\/\/10.100.20.231\/estandarizacion\/wp-json\/wp\/v2\/users\/1"}],"replies":[{"embeddable":true,"href":"http:\/\/10.100.20.231\/estandarizacion\/wp-json\/wp\/v2\/comments?post=47771"}],"version-history":[{"count":0,"href":"http:\/\/10.100.20.231\/estandarizacion\/wp-json\/wp\/v2\/pages\/47771\/revisions"}],"wp:attachment":[{"href":"http:\/\/10.100.20.231\/estandarizacion\/wp-json\/wp\/v2\/media?parent=47771"}],"curies":[{"name":"wp","href":"https:\/\/api.w.org\/{rel}","templated":true}]}}