{"id":60691,"date":"2022-08-30T14:08:41","date_gmt":"2022-08-30T19:08:41","guid":{"rendered":"http:\/\/10.100.20.231\/estandarizacion\/?page_id=60691"},"modified":"2023-09-22T13:09:57","modified_gmt":"2023-09-22T19:09:57","slug":"estandares","status":"publish","type":"page","link":"http:\/\/10.100.20.231\/estandarizacion\/estandares\/","title":{"rendered":"Est\u00e1ndares"},"content":{"rendered":"\n<div class=\"wp-container-1 wp-block-group alignfull intro estandares has-background-background-color has-background\" id=\"intro-inicio\">\n<div class=\"wp-block-columns\">\n<div class=\"wp-block-column\" style=\"flex-basis:66.66%\">\n<h1 id=\"e-economia-gob-mx\">Est\u00e1ndares<\/h1>\n<\/div>\n\n\n\n<div class=\"wp-block-column\" style=\"flex-basis:33.33%\"><\/div>\n<\/div>\n\n\n\n<div class=\"wp-block-columns\">\n<div class=\"wp-block-column\" style=\"flex-basis:50%\">\n<p>Los Est\u00e1ndares establecen reglas, especificaciones o m\u00e9todos de prueba aplicables a un bien, producto, proceso o servicio, as\u00ed como a la terminolog\u00eda, simbolog\u00eda, embalaje, marcado, etiquetado o sus concordancias.<\/p>\n\n\n\n<p>Los Est\u00e1ndares se clasifican en industriales, agr\u00edcolas, pecuarios, medio ambientales, energ\u00e9ticos, comerciales, de gesti\u00f3n, de metrolog\u00eda y generales, entre otros. Son de aplicaci\u00f3n voluntaria, excepto cuando:<\/p>\n<\/div>\n\n\n\n<div class=\"wp-block-column\" style=\"flex-basis:50%\">\n<ul><li>Son referenciados en las <a href=\"https:\/\/platiica.economia.gob.mx\/glosario\/norma-oficial-mexicana-nom\/\">Normas Oficiales Mexicanas<\/a>.<\/li><li>Son exigidos por autoridades de cualquier orden de gobierno para disposiciones administrativas.<\/li><li>Son exigidos por dependencias y entidades p\u00fablicas de cualquier orden de gobierno para los bienes o servicios que adquieran, liciten, arrienden o contraten.<\/li><li>Las personas manifiesten que sus bienes, productos, procesos y servicios son elaborados conforme a los Est\u00e1ndares.<\/li><li>Las leyes o reglamentos los establezcan como obligatorios.<\/li><\/ul>\n<\/div>\n<\/div>\n<\/div>\n\n\n\n<section class=\"wp-container-3 wp-block-group alignfull ancho-completo has-background\" style=\"background-color:#f4f4f4;padding-top:115px;padding-bottom:60px\">\n<div class=\"wp-container-2 wp-block-group contenido\">\n<div class=\"wp-block-columns ancho-completo-dos-columnas\">\n<div class=\"wp-block-column\">\n<h3>Procedimiento de elaboraci\u00f3n de Est\u00e1ndares<\/h3>\n\n\n\n<div style=\"height:20px\" aria-hidden=\"true\" class=\"wp-block-spacer\"><\/div>\n\n\n\n<p class=\"max-dos-tercios\">Serie de acciones llevadas a cabo por los Organismos Nacionales de Estandarizaci\u00f3n y los Sujetos Facultados para Estandarizar.<\/p>\n\n\n\n<p class=\"ver-mas\"><a href=\"https:\/\/platiica.economia.gob.mx\/estandarizacion\/procedimiento-de-elaboracion-de-estandares\/\">M\u00e1s informaci\u00f3n<\/a><\/p>\n<\/div>\n\n\n\n<div class=\"wp-block-column\">\n<h3>Organismos Nacionales de Estandarizaci\u00f3n y Sujetos Facultados para Estandarizar<\/h3>\n\n\n\n<div style=\"height:20px\" aria-hidden=\"true\" class=\"wp-block-spacer\"><\/div>\n\n\n\n<p class=\"max-dos-tercios\">Entidades que participan en la elaboraci\u00f3n, la modificaci\u00f3n y la cancelaci\u00f3n de Est\u00e1ndares, as\u00ed como el proceso a seguir para participar en este ejercicio.<\/p>\n\n\n\n<p class=\"ver-mas\"><a href=\"https:\/\/platiica.economia.gob.mx\/estandarizacion\/organismos-nacionales-de-estandarizacion-y-sujetos-facultados-para-estandarizar\/\">M\u00e1s informaci\u00f3n<\/a><\/p>\n<\/div>\n<\/div>\n<\/div>\n<\/section>\n","protected":false},"excerpt":{"rendered":"<p>Los est\u00e1ndares establecen reglas, especificaciones o m\u00e9todos de prueba aplicables a un bien, producto, proceso o servicio, as\u00ed como a la terminolog\u00eda, la simbolog\u00eda, el embalaje, el marcado, el etiquetado o sus concordancias.<\/p>\n","protected":false},"author":1,"featured_media":0,"parent":0,"menu_order":0,"comment_status":"closed","ping_status":"closed","template":"","meta":{"_links_to":"","_links_to_target":""},"yoast_head":"<!-- This site is optimized with the Yoast SEO plugin v21.5 - https:\/\/yoast.com\/wordpress\/plugins\/seo\/ -->\n<title>Est\u00e1ndares - Estandarizaci\u00f3n<\/title>\n<meta name=\"description\" content=\"Inf\u00f3rmate sobre los est\u00e1ndares, su clasificaci\u00f3n y aplicaci\u00f3n, as\u00ed como el procedimiento para su elaboraci\u00f3n y los organismos encargados de dicho proceso.\" \/>\n<meta name=\"robots\" content=\"index, follow, max-snippet:-1, max-image-preview:large, max-video-preview:-1\" \/>\n<link rel=\"canonical\" href=\"http:\/\/10.100.20.231\/estandarizacion\/estandares\/\" \/>\n<meta property=\"og:locale\" content=\"es_MX\" \/>\n<meta property=\"og:type\" content=\"article\" \/>\n<meta property=\"og:title\" content=\"Est\u00e1ndares - Estandarizaci\u00f3n\" \/>\n<meta property=\"og:description\" content=\"Inf\u00f3rmate sobre los est\u00e1ndares, su clasificaci\u00f3n y aplicaci\u00f3n, as\u00ed como el procedimiento para su elaboraci\u00f3n y los organismos encargados de dicho proceso.\" \/>\n<meta property=\"og:url\" content=\"http:\/\/10.100.20.231\/estandarizacion\/estandares\/\" \/>\n<meta property=\"og:site_name\" content=\"Estandarizaci\u00f3n\" \/>\n<meta property=\"article:modified_time\" content=\"2023-09-22T19:09:57+00:00\" \/>\n<meta property=\"og:image\" content=\"http:\/\/10.100.20.231\/estandarizacion\/wp-content\/uploads\/sites\/3\/2024\/05\/platiica-economia.jpg\" \/>\n\t<meta property=\"og:image:width\" content=\"1200\" \/>\n\t<meta property=\"og:image:height\" content=\"675\" \/>\n\t<meta property=\"og:image:type\" content=\"image\/jpeg\" \/>\n<meta name=\"twitter:card\" content=\"summary_large_image\" \/>\n<meta name=\"twitter:label1\" content=\"Tiempo de lectura\" \/>\n\t<meta name=\"twitter:data1\" content=\"1 minuto\" \/>\n<script type=\"application\/ld+json\" class=\"yoast-schema-graph\">{\"@context\":\"https:\/\/schema.org\",\"@graph\":[{\"@type\":\"WebPage\",\"@id\":\"http:\/\/10.100.20.231\/estandarizacion\/estandares\/\",\"url\":\"http:\/\/10.100.20.231\/estandarizacion\/estandares\/\",\"name\":\"Est\u00e1ndares - Estandarizaci\u00f3n\",\"isPartOf\":{\"@id\":\"http:\/\/10.100.20.231\/estandarizacion\/#website\"},\"datePublished\":\"2022-08-30T19:08:41+00:00\",\"dateModified\":\"2023-09-22T19:09:57+00:00\",\"description\":\"Inf\u00f3rmate sobre los est\u00e1ndares, su clasificaci\u00f3n y aplicaci\u00f3n, as\u00ed como el procedimiento para su elaboraci\u00f3n y los organismos encargados de dicho proceso.\",\"breadcrumb\":{\"@id\":\"http:\/\/10.100.20.231\/estandarizacion\/estandares\/#breadcrumb\"},\"inLanguage\":\"es-MX\",\"potentialAction\":[{\"@type\":\"ReadAction\",\"target\":[\"http:\/\/10.100.20.231\/estandarizacion\/estandares\/\"]}]},{\"@type\":\"BreadcrumbList\",\"@id\":\"http:\/\/10.100.20.231\/estandarizacion\/estandares\/#breadcrumb\",\"itemListElement\":[{\"@type\":\"ListItem\",\"position\":1,\"name\":\"Inicio\",\"item\":\"http:\/\/10.100.20.231\/estandarizacion\/\"},{\"@type\":\"ListItem\",\"position\":2,\"name\":\"Est\u00e1ndares\"}]},{\"@type\":\"WebSite\",\"@id\":\"http:\/\/10.100.20.231\/estandarizacion\/#website\",\"url\":\"http:\/\/10.100.20.231\/estandarizacion\/\",\"name\":\"Estandarizaci\u00f3n\",\"description\":\"\",\"publisher\":{\"@id\":\"http:\/\/10.100.20.231\/estandarizacion\/#organization\"},\"potentialAction\":[{\"@type\":\"SearchAction\",\"target\":{\"@type\":\"EntryPoint\",\"urlTemplate\":\"http:\/\/10.100.20.231\/estandarizacion\/?s={search_term_string}\"},\"query-input\":\"required name=search_term_string\"}],\"inLanguage\":\"es-MX\"},{\"@type\":\"Organization\",\"@id\":\"http:\/\/10.100.20.231\/estandarizacion\/#organization\",\"name\":\"Estandarizaci\u00f3n\",\"url\":\"http:\/\/10.100.20.231\/estandarizacion\/\",\"logo\":{\"@type\":\"ImageObject\",\"inLanguage\":\"es-MX\",\"@id\":\"http:\/\/10.100.20.231\/estandarizacion\/#\/schema\/logo\/image\/\",\"url\":\"http:\/\/10.100.20.231\/estandarizacion\/wp-content\/uploads\/sites\/3\/2021\/10\/logo-gobierno-mexico.svg\",\"contentUrl\":\"http:\/\/10.100.20.231\/estandarizacion\/wp-content\/uploads\/sites\/3\/2021\/10\/logo-gobierno-mexico.svg\",\"width\":123,\"height\":36,\"caption\":\"Estandarizaci\u00f3n\"},\"image\":{\"@id\":\"http:\/\/10.100.20.231\/estandarizacion\/#\/schema\/logo\/image\/\"}}]}<\/script>\n<!-- \/ Yoast SEO plugin. -->","yoast_head_json":{"title":"Est\u00e1ndares - Estandarizaci\u00f3n","description":"Inf\u00f3rmate sobre los est\u00e1ndares, su clasificaci\u00f3n y aplicaci\u00f3n, as\u00ed como el procedimiento para su elaboraci\u00f3n y los organismos encargados de dicho proceso.","robots":{"index":"index","follow":"follow","max-snippet":"max-snippet:-1","max-image-preview":"max-image-preview:large","max-video-preview":"max-video-preview:-1"},"canonical":"http:\/\/10.100.20.231\/estandarizacion\/estandares\/","og_locale":"es_MX","og_type":"article","og_title":"Est\u00e1ndares - Estandarizaci\u00f3n","og_description":"Inf\u00f3rmate sobre los est\u00e1ndares, su clasificaci\u00f3n y aplicaci\u00f3n, as\u00ed como el procedimiento para su elaboraci\u00f3n y los organismos encargados de dicho proceso.","og_url":"http:\/\/10.100.20.231\/estandarizacion\/estandares\/","og_site_name":"Estandarizaci\u00f3n","article_modified_time":"2023-09-22T19:09:57+00:00","og_image":[{"width":1200,"height":675,"url":"http:\/\/10.100.20.231\/estandarizacion\/wp-content\/uploads\/sites\/3\/2024\/05\/platiica-economia.jpg","type":"image\/jpeg"}],"twitter_card":"summary_large_image","twitter_misc":{"Tiempo de lectura":"1 minuto"},"schema":{"@context":"https:\/\/schema.org","@graph":[{"@type":"WebPage","@id":"http:\/\/10.100.20.231\/estandarizacion\/estandares\/","url":"http:\/\/10.100.20.231\/estandarizacion\/estandares\/","name":"Est\u00e1ndares - Estandarizaci\u00f3n","isPartOf":{"@id":"http:\/\/10.100.20.231\/estandarizacion\/#website"},"datePublished":"2022-08-30T19:08:41+00:00","dateModified":"2023-09-22T19:09:57+00:00","description":"Inf\u00f3rmate sobre los est\u00e1ndares, su clasificaci\u00f3n y aplicaci\u00f3n, as\u00ed como el procedimiento para su elaboraci\u00f3n y los organismos encargados de dicho proceso.","breadcrumb":{"@id":"http:\/\/10.100.20.231\/estandarizacion\/estandares\/#breadcrumb"},"inLanguage":"es-MX","potentialAction":[{"@type":"ReadAction","target":["http:\/\/10.100.20.231\/estandarizacion\/estandares\/"]}]},{"@type":"BreadcrumbList","@id":"http:\/\/10.100.20.231\/estandarizacion\/estandares\/#breadcrumb","itemListElement":[{"@type":"ListItem","position":1,"name":"Inicio","item":"http:\/\/10.100.20.231\/estandarizacion\/"},{"@type":"ListItem","position":2,"name":"Est\u00e1ndares"}]},{"@type":"WebSite","@id":"http:\/\/10.100.20.231\/estandarizacion\/#website","url":"http:\/\/10.100.20.231\/estandarizacion\/","name":"Estandarizaci\u00f3n","description":"","publisher":{"@id":"http:\/\/10.100.20.231\/estandarizacion\/#organization"},"potentialAction":[{"@type":"SearchAction","target":{"@type":"EntryPoint","urlTemplate":"http:\/\/10.100.20.231\/estandarizacion\/?s={search_term_string}"},"query-input":"required name=search_term_string"}],"inLanguage":"es-MX"},{"@type":"Organization","@id":"http:\/\/10.100.20.231\/estandarizacion\/#organization","name":"Estandarizaci\u00f3n","url":"http:\/\/10.100.20.231\/estandarizacion\/","logo":{"@type":"ImageObject","inLanguage":"es-MX","@id":"http:\/\/10.100.20.231\/estandarizacion\/#\/schema\/logo\/image\/","url":"http:\/\/10.100.20.231\/estandarizacion\/wp-content\/uploads\/sites\/3\/2021\/10\/logo-gobierno-mexico.svg","contentUrl":"http:\/\/10.100.20.231\/estandarizacion\/wp-content\/uploads\/sites\/3\/2021\/10\/logo-gobierno-mexico.svg","width":123,"height":36,"caption":"Estandarizaci\u00f3n"},"image":{"@id":"http:\/\/10.100.20.231\/estandarizacion\/#\/schema\/logo\/image\/"}}]}},"_links":{"self":[{"href":"http:\/\/10.100.20.231\/estandarizacion\/wp-json\/wp\/v2\/pages\/60691"}],"collection":[{"href":"http:\/\/10.100.20.231\/estandarizacion\/wp-json\/wp\/v2\/pages"}],"about":[{"href":"http:\/\/10.100.20.231\/estandarizacion\/wp-json\/wp\/v2\/types\/page"}],"author":[{"embeddable":true,"href":"http:\/\/10.100.20.231\/estandarizacion\/wp-json\/wp\/v2\/users\/1"}],"replies":[{"embeddable":true,"href":"http:\/\/10.100.20.231\/estandarizacion\/wp-json\/wp\/v2\/comments?post=60691"}],"version-history":[{"count":0,"href":"http:\/\/10.100.20.231\/estandarizacion\/wp-json\/wp\/v2\/pages\/60691\/revisions"}],"wp:attachment":[{"href":"http:\/\/10.100.20.231\/estandarizacion\/wp-json\/wp\/v2\/media?parent=60691"}],"curies":[{"name":"wp","href":"https:\/\/api.w.org\/{rel}","templated":true}]}}