{"id":60691,"date":"2022-08-29T19:22:22","date_gmt":"2022-08-30T00:22:22","guid":{"rendered":"http:\/\/10.100.20.231\/evaluacion-de-la-conformidad-de-normas-oficiales-mexicanas-estandares-y-normas-internacionales\/?page_id=60691"},"modified":"2026-04-16T16:55:33","modified_gmt":"2026-04-16T22:55:33","slug":"entidades-de-acreditacion","status":"publish","type":"page","link":"http:\/\/10.100.20.231\/evaluacion-de-la-conformidad\/entidades-de-acreditacion\/","title":{"rendered":"Entidades de acreditaci\u00f3n"},"content":{"rendered":"\n<div class=\"wp-container-2 wp-block-group alignfull barra intro-interior\">\n<div class=\"wp-block-columns\">\n<div class=\"wp-block-column\" style=\"flex-basis:66.66%\">\n<div class=\"wp-container-1 wp-block-group yoast-breadcrumbs\">\n<p><a href=\"https:\/\/platiica.economia.gob.mx\/\">Inicio<\/a> &gt; <a href=\"https:\/\/platiica.economia.gob.mx\/evaluacion-de-la-conformidad\/\">Evaluaci\u00f3n de la conformidad<\/a> &gt; Entidades de Acreditaci\u00f3n<\/p>\n<\/div>\n\n\n\n<p class=\"regresar\"><a href=\"https:\/\/e.economia.gob.mx\/estructura\/#organismos-administrativos-desconcentrados\">Regresar<\/a><\/p>\n<\/div>\n\n\n\n<div class=\"wp-block-column\" style=\"flex-basis:33.33%\"><\/div>\n<\/div>\n<\/div>\n\n\n\n<div class=\"wp-container-6 wp-block-group alignfull barra\">\n<div class=\"wp-block-columns\">\n<div class=\"wp-block-column\" style=\"flex-basis:66.66%\">\n<h1 id=\"glosario\" style=\"margin-bottom:100px\">Entidades de Acreditaci\u00f3n<\/h1>\n\n\n\n<p style=\"text-align: justify;\">Personas morales debidamente autorizadas por la <a href=\"https:\/\/www.gob.mx\/se\/\" target=\"_blank\" rel=\"noreferrer noopener\">Secretar\u00eda de Econom\u00eda<\/a> para conocer, tramitar y resolver las solicitudes de Acreditaci\u00f3n y, en su caso, emitir las acreditaciones a favor de aquellos que pretendan operar como <a href=\"https:\/\/platiica.economia.gob.mx\/evaluacion-de-la-conformidad\/organismos-de-evaluacion-de-la-conformidad\/\">Organismos de Evaluaci\u00f3n de la Conformidad<\/a>.<\/p><\/p>\n\n\n\n<h2>Listado de Entidades de Acreditaci\u00f3n<\/h2>\n\n\n\n<h3><strong>Entidad Mexicana de Acreditaci\u00f3n, A.C. (EMA)<\/strong><\/h3>\n\n\n\n<p style=\"text-align: justify;\"><strong>Director General:<\/strong> Mar\u00eda Isabel L\u00f3pez Mart\u00ednez.<br><strong>Domicilio:<\/strong> Mariano Escobedo No. 564, Colonia Nueva Anzures, CP. 11590, Alcald\u00eda Miguel Hidalgo, Ciudad de M\u00e9xico.<br>Tel\u00e9fono: 559148 4300<br>P\u00e1gina electr\u00f3nica: <a rel=\"noreferrer noopener\" href=\"https:\/\/www.ema.org.mx\/portal_v3\/\" target=\"_blank\">www.ema.org.mx<\/a><\/p><\/p>\n\n\n\n<p><strong>Autorizaci\u00f3n publicada en el Diario Oficial de la Federaci\u00f3n:<\/strong> <a rel=\"noreferrer noopener\" href=\"https:\/\/www.dof.gob.mx\/nota_detalle.php?codigo=4942801&amp;fecha=15\/01\/1999\" target=\"_blank\">15 de enero de 1999.<\/a><\/p>\n\n\n\n<p><p style=\"text-align: justify;\"><strong>Se autoriz\u00f3 el alcance para operar como entidad de acreditaci\u00f3n en los t\u00e9rminos que establece la Ley Federal sobre Metrolog\u00eda y Normalizaci\u00f3n.<\/strong><\/p><\/p>\n\n\n\n<h4>Tarifas de ema<\/h4>\n\n\n\n<p><p style=\"text-align: justify;\">Descarga los documentos con las tarifas de la ema 2024:<\/p><\/p>\n\n\n\n<p><p style=\"text-align: justify;\"><a href=\"https:\/\/platiica.economia.gob.mx\/wp-content\/uploads\/sites\/5\/Tarifas\/Tarifas%20%20Buenas%20Practicas%20de%20Laboratorio_2026.pdf?_t=1764962105\" data-type=\"URL\" data-id=\"https:\/\/platiica.economia.gob.mx\/wp-content\/uploads\/sites\/5\/Tarifas\/Tarifas%20%20Buenas%20Practicas%20de%20Laboratorio_2026.pdf?_t=1764962105\" target=\"_blank\" rel=\"noreferrer noopener\">&gt; Tarifas Buenas Practicas de Laboratorio<\/a><br><a href=\"https:\/\/platiica.economia.gob.mx\/wp-content\/uploads\/sites\/5\/Tarifas\/Tarifas%20%20Buenas%20Practicas%20de%20Laboratorio_2026.pdf?_t=1764962105\" data-type=\"URL\" target=\"_blank\" rel=\"noreferrer noopener\">&gt; Tarifas de Laboratorios Cl\u00ednicos<br><\/a><a href=\"https:\/\/platiica.economia.gob.mx\/evaluacion-de-la-conformidad\/wp-content\/uploads\/sites\/5\/2024\/07\/Tarifas-Laboratorios-de-Ensayos-y-Calibracion_2024.pdf\" data-type=\"URL\" data-id=\"https:\/\/platiica.economia.gob.mx\/evaluacion-de-la-conformidad\/wp-content\/uploads\/sites\/5\/2024\/07\/Tarifas-Laboratorios-de-Ensayos-y-Calibracion_2024.pdf\" target=\"_blank\" rel=\"noreferrer noopener\">&gt; Tarifas Laboratorios de Ensayos y Calibraci\u00f3n<\/a><br><a href=\"https:\/\/platiica.economia.gob.mx\/wp-content\/uploads\/sites\/5\/Tarifas\/Tarifas%20Laboratorios%20de%20Ensayos%20y%20Calibraci\u00f3n_2026.pdf?_t=1764962105\" data-type=\"URL\" data-id=\"10.100.20.231\/wp-content\/uploads\/sites\/5\/Tarifas\/Tarifas%20Laboratorios%20de%20Ensayos%20y%20Calibraci\u00f3n_2026.pdf?_t=1764962105\" target=\"_blank\" rel=\"noreferrer noopener\">&gt; Tarifas Organismo Dictaminador<br>&gt; Tarifas Organismos de Certificaci\u00f3n<\/a><br><a href=\"https:\/\/platiica.economia.gob.mx\/wp-content\/uploads\/sites\/5\/Tarifas\/Tarifas%20Laboratorios%20de%20Ensayos%20y%20Calibraci\u00f3n_2026.pdf?_t=1764962105\" data-type=\"URL\" data-id=\"10.100.20.231\/wp-content\/uploads\/sites\/5\/Tarifas\/Tarifas%20Laboratorios%20de%20Ensayos%20y%20Calibraci\u00f3n_2026.pdf?_t=1764962105\" target=\"_blank\" rel=\"noreferrer noopener\">&gt; Tarifas Productores de Materiales de Referencia<\/a><br><a href=\"https:\/\/platiica.economia.gob.mx\/wp-content\/uploads\/sites\/5\/Tarifas\/Tarifas%20Laboratorios%20de%20Ensayos%20y%20Calibraci\u00f3n_2026.pdf?_t=1764962105\" data-type=\"URL\" data-id=\"10.100.20.231\/wp-content\/uploads\/sites\/5\/Tarifas\/Tarifas%20Laboratorios%20de%20Ensayos%20y%20Calibraci\u00f3n_2026.pdf?_t=1764962105\" target=\"_blank\" rel=\"noreferrer noopener\">&gt; Tarifas Proveedores de Ensayo de Aptitud<\/a><br><a href=\"https:\/\/platiica.economia.gob.mx\/wp-content\/uploads\/sites\/5\/Tarifas\/Tarifas%20Unidades%20de%20Inspecci\u00f3n_2026.pdf?_t=1764962105\" data-type=\"URL\" data-id=\"https:\/\/platiica.economia.gob.mx\/wp-content\/uploads\/sites\/5\/Tarifas\/Tarifas%20Unidades%20de%20Inspecci\u00f3n_2026.pdf?_t=1764962105\" target=\"_blank\" rel=\"noreferrer noopener\">&gt; Tarifas Unidades de Inspecci\u00f3n<\/a><\/p><\/p>\n\n\n\n<div style=\"height:30px\" aria-hidden=\"true\" class=\"wp-block-spacer\"><\/div>\n\n\n\n<h3><strong>Mexicana de Acreditaci\u00f3n, MAAC, A.C. (MAAC)<\/strong><\/h3>\n\n\n\n<p style=\"text-align: justify;\"><strong>Director General:<\/strong> Mart\u00edn Flores Ruiz<br><strong>Domicilio:<\/strong> Florencia No. 37, interior 602, Colonia Ju\u00e1rez, Alcald\u00eda Cuauht\u00e9moc, C.P. 0660, Ciudad de M\u00e9xico.<br>Tel\u00e9fono: 55 5833 3975<\/p>\n\n\n\n<p style=\"text-align: justify;\">P\u00e1gina electr\u00f3nica: <a href=\"https:\/\/www.maac-ac.com.mx\/\" target=\"_blank\" rel=\"noreferrer noopener\">www.maac-ac.com.mx<\/a><\/p>\n\n\n\n<p style=\"text-align: justify;\"><strong>Autorizaci\u00f3n publicada en el Diario Oficial de la Federaci\u00f3n:<\/strong> <a href=\"https:\/\/dof.gob.mx\/nota_detalle.php?codigo=5592844&amp;fecha=06\/05\/2020#gsc.tab=0\" target=\"_blank\" rel=\"noreferrer noopener\">6 de mayo de 2020<\/a> y <a href=\"https:\/\/dof.gob.mx\/nota_detalle.php?codigo=5647637&amp;fecha=31\/03\/2022#gsc.tab=0\" target=\"_blank\" rel=\"noreferrer noopener\">31 de marzo de 2022.<\/a><\/p>\n\n\n\n<p style=\"text-align: justify;\"><strong>Alcance de la autorizaci\u00f3n para la prestaci\u00f3n de servicios de acreditaci\u00f3n:<\/strong><\/p>\n\n\n\n<ul type=\"I\"><li>Organismos de Certificaci\u00f3n de Sistemas de Gesti\u00f3n conforme a la Norma Mexicana NMX-EC-17021-1-IMNC-2016 (ISO\/IEC&nbsp;17021-1:2015), en espec\u00edfico&nbsp;para aquellos que brindan servicios de certificaci\u00f3n de sistemas de gesti\u00f3n mediante las normas mexicanas&nbsp;siguientes:<\/li><li>NMX-CC-9001-IMNC-2015\/ISO 9001:2015,&nbsp;Sistemas de gesti\u00f3n de la calidad-Requisitos.<\/li><li>NMX-SAA-14001-IMNC-2015\/ISO 14001:2015,&nbsp;Sistemas de gesti\u00f3n ambiental-Requisitos con&nbsp;orientaci\u00f3n para su uso.<\/li><li>NMX-SAST-45001-IMNC-2018\/ISO 45001:2018, Sistemas de gesti\u00f3n de la seguridad y salud en el trabajo-Requisitos con orientaci\u00f3n para su uso.<\/li><li>Unidades de Inspecci\u00f3n conforme a la Norma Mexicana NMX-EC-17020-IMNC-2014 \/ ISO\/IEC&nbsp;17020:2012,&nbsp;&#8220;Evaluaci\u00f3n de la conformidad-Requisitos para el funcionamiento de diferentes tipos de&nbsp;unidades (Organismos) que realizan la verificaci\u00f3n (Inspecci\u00f3n) (Cancela a la NMX-EC-17020-IMNC-2000).&#8221;<\/li><li>Laboratorios de Ensayo y Calibraci\u00f3n, conforme a la Norma Mexicana NMX-EC-17025-IMNC-2018 \/ ISO\/IEC 17025:2017, &#8220;Requisitos generales para la competencia de los laboratorios de ensayo y calibraci\u00f3n (Cancelar\u00e1 a la NMX-EC-17025-IMNC-2006).&#8221;<\/li><li>Organismos de Certificaci\u00f3n de Producto, conforme a la Norma Mexicana NMX-EC-17065-IMNC-2014 \/ ISO\/IEC 17065:2012, &#8220;Evaluaci\u00f3n de la conformidad-Requisitos para organismos que certifican productos, procesos y servicios (Cancela a la NMX-EC-065-IMNC-2000).&#8221;<\/li><li>ISO 21001:2018 &#8220;Organizaciones educativas-Sistemas de gesti\u00f3n para organizaciones educativas-Requisitos con orientaci\u00f3n para su uso.&#8221;<\/li><li>ISO 37001:2016 &#8220;Sistemas de gesti\u00f3n antisoborno-Requisitos con orientaci\u00f3n para su uso.&#8221;<\/li><li>ISO 37301:2021 &#8220;Sistemas de gesti\u00f3n de compliance-Requisitos con orientaci\u00f3n para su uso.&#8221;<\/li><\/ul>\n\n\n\n<h4>Tarifas de MAAC<\/h4>\n\n\n\n<p style=\"text-align: justify;\"><a href=\"https:\/\/platiica.economia.gob.mx\/wp-content\/uploads\/sites\/5\/2024\/02\/DGCO011-25%2C%20COMUNICADO%20A%20DGN%20LISTADO%20DE%20TARIFAS%202025.%2025.03.25.pdf?_t=1743435647\" target=\"_blank\" rel=\"noreferrer noopener\" data-type=\"URL\" data-id=\"https:\/\/platiica.economia.gob.mx\/wp-content\/uploads\/sites\/5\/2024\/02\/DGCO011-25%2C%20COMUNICADO%20A%20DGN%20LISTADO%20DE%20TARIFAS%202025.%2025.03.25.pdf?_t=1743435647\">&gt; Descarga las tarifas de MAAC de 2025<\/a><\/p>\n\n\n\n<h4>Comunicado MAAC <\/h4>\n\n\n\n<p class=\"has-primary-color has-text-color\"><strong><a rel=\"noreferrer noopener\" href=\"https:\/\/platiica.economia.gob.mx\/evaluacion-de-la-conformidad\/wp-content\/uploads\/sites\/5\/2025\/01\/Comunicado%20MAAC%20DGN.001.2025.pdf?_t=1741117507\" target=\"_blank\"><em>Cumplimiento<\/em><\/a><\/strong><\/p>\n\n\n\n<div style=\"height:30px\" aria-hidden=\"true\" class=\"wp-block-spacer\"><\/div>\n\n\n\n<h3><strong>SIAAC Sociedad Internacional de Acreditaci\u00f3n, A.C.<\/strong><\/h3>\n\n\n\n<p style=\"text-align: justify;\"><strong>Director Ejecutivo:<\/strong> Santiago Carlos Mac\u00edas Herrera<br><strong>Domicilio:<\/strong> Paseo de los Tamarindos No. 384 piso 4 oficina 402, colonia Bosques de las Lomas, C.P. 05110, Alcald\u00eda Cuajimalpa de Morelos, Ciudad de M\u00e9xico.<br>Tel\u00e9fono: 555161 9195, 553200 5099<br>P\u00e1gina electr\u00f3nica:<a href=\"https:\/\/siaac.org\/\" target=\"_blank\" rel=\"noreferrer noopener\"> www.sia-ac.org<\/a><\/p>\n\n\n\n<p style=\"text-align: justify;\"><strong>Autorizaci\u00f3n publicada en el Diario Oficial de la Federaci\u00f3n:<\/strong> <a href=\"https:\/\/dof.gob.mx\/nota_detalle.php?codigo=5647636&amp;fecha=31\/03\/2022#gsc.tab=0\" target=\"_blank\" rel=\"noreferrer noopener\">31 de marzo de 2022.<\/a><\/p>\n\n\n\n<div class=\"wp-container-4 wp-block-query glosario-indice\">\n<ul type=\"I\"><li>Unidades de Inspecci\u00f3n bajo la Norma Mexicana NMX-EC-17020-IMNC-2014 &#8220;Evaluaci\u00f3n de la conformidad-Requisitos para el funcionamiento de diferentes tipos de unidades (Organismos) que realizan la verificaci\u00f3n (Inspecci\u00f3n) (Cancela a la NMX-EC-17020-IMNC-2000)&#8221;, para las siguientes materias: Auditor\u00eda ambiental; Comercio electr\u00f3nico; Condiciones f\u00edsico-mec\u00e1nicas en el autotransporte; Eficiencia energ\u00e9tica; Emisiones contaminantes; Gas L.P.; Gas natural; Informaci\u00f3n comercial; Seguridad, Gesti\u00f3n y Medio Ambiente en el Trabajo.<\/li><li>Organismos de Certificaci\u00f3n bajo la Norma Mexicana NMX-EC-17021-1-IMNC-2016 &#8220;Evaluaci\u00f3n de la conformidad-Requisitos para los organismos que realizan la auditor\u00eda y la certificaci\u00f3n de sistemas de gesti\u00f3n-Parte 1: Requisitos&#8221;, para las siguientes materias: Calidad; Medio ambiente; Seguridad y salud en el trabajo; Seguridad de la informaci\u00f3n; Gesti\u00f3n anti soborno y Continuidad en el negocio.<\/li><li>Organismos de Certificaci\u00f3n de Producto bajo la Norma Mexicana NMX-EC-17065-IMNC-2014, &#8220;Evaluaci\u00f3n de la conformidad-Requisitos para organismos que certifican productos, procesos y servicios (Cancela a la NMX-EC-065-IMNC-2000)&#8221; para las siguientes ramas: Agua y suministro de gas por ductos; Bebidas Alcoh\u00f3licas; Energ\u00eda Solar; Equipo para manejo y uso L.P. y natural; Fabricaci\u00f3n de equipo de computaci\u00f3n, comunicaci\u00f3n, de medici\u00f3n y de otros equipos, componentes y accesorios electr\u00f3nicos; Industria Alimentaria; Industria de las bebidas y del tabaco; Industria El\u00e9ctrica; Industria Electr\u00f3nica; Industria Textil; Materiales de construcci\u00f3n; Industrias Diversas; Otras Industrias Manufactureras; Pl\u00e1sticos y sus productos; Productos Qu\u00edmicos; Productos Sider\u00fargicos; Protecci\u00f3n Ambiental; Seguridad; Industria del pl\u00e1stico y del hule; Otras industrias manufactureras; Productos de hule; Seguridad; Veh\u00edculos.<\/li><li>Organismos de Certificaci\u00f3n de Personas conforme a la Norma Mexicana NMX-EC-17024-IMNC-2014 &#8220;Evaluaci\u00f3n de la conformidad-Requisitos generales para los organismos que realizan certificaci\u00f3n de personas (Cancela a la NMX-CC-17024-IMNC-2004)&#8221;, para las siguientes materias: Auditor de sistemas de gesti\u00f3n integrados; Auditores de sistemas de gesti\u00f3n ambiental; Auditores de sistemas de gesti\u00f3n de la calidad; Auditores de sistemas de gesti\u00f3n de seguridad y salud en el trabajo; Auditor de sistemas de gesti\u00f3n anti soborno; Auditores de sistemas de gesti\u00f3n de la continuidad del negocio y; Auditores de sistemas de gesti\u00f3n de la seguridad de la informaci\u00f3n.<\/li><\/ul>\n\n\n\n<p><\/p>\n\n\n\n<p><strong>Actualizaci\u00f3n de autorizaci\u00f3n para operar como Entidad de Acreditaci\u00f3n: <\/strong><a href=\"https:\/\/platiica.economia.gob.mx\/wp-content\/uploads\/sites\/2\/InformedeRevision\/20260327_Extracto%20Platiica.pdf?_t=1774663116\" data-type=\"URL\" data-id=\"https:\/\/platiica.economia.gob.mx\/wp-content\/uploads\/sites\/2\/InformedeRevision\/20260327_Extracto%20Platiica.pdf?_t=1774663116\">Aviso de actualizaci\u00f3n<\/a><\/p>\n\n\n<\/div>\n\n\n\n<h4>Tarifas de SIAAC<\/h4>\n\n\n\n<p><p style=\"text-align: justify;\">Descarga los documentos con las tarifas 2024 de la SIAAC:<\/p><\/p>\n\n\n\n<p><p style=\"text-align: justify;\"><a href=\"https:\/\/platiica.economia.gob.mx\/evaluacion-de-la-conformidad\/wp-content\/uploads\/sites\/5\/2024\/03\/Tarifas-Organismos-de-Certificacion-1.pdf\" target=\"_blank\" rel=\"noreferrer noopener\">&gt; Tarifas Organismos de Certificaci\u00f3n<br><\/a><a href=\"https:\/\/platiica.economia.gob.mx\/evaluacion-de-la-conformidad\/wp-content\/uploads\/sites\/5\/2024\/03\/Tarifas-Unidades-de-Inspeccion-1.pdf\" target=\"_blank\" rel=\"noreferrer noopener\">&gt; Tarifas Unidades de Inspecci\u00f3n<\/a><\/p><\/p>\n\n\n\n<div class=\"wp-container-5 wp-block-group adicional\">\n<div style=\"height:60px\" aria-hidden=\"true\" class=\"wp-block-spacer\"><\/div>\n\n\n\n<p><p style=\"text-align: justify;\"><strong>Tr\u00e1mite relacionado<\/strong><\/p><\/p>\n\n\n\n<ul><li>Autorizaci\u00f3n para operar como Entidad de Acreditaci\u00f3n<\/li><\/ul>\n\n\n\n<p><a href=\"https:\/\/platiica.economia.gob.mx\/listado-de-tramites\/\">&gt; Ir a Tr\u00e1mites<\/a><\/p>\n\n\n\n<div style=\"height:30px\" aria-hidden=\"true\" class=\"wp-block-spacer\"><\/div>\n\n\n\n<p><strong>Te puede interesar:<\/strong><\/p>\n\n\n\n<p><a href=\"https:\/\/platiica.economia.gob.mx\/evaluacion-de-la-conformidad\/organismos-de-evaluacion-de-la-conformidad\/\">&gt; Organismos de Evaluaci\u00f3n de la Conformidad<\/a><\/p>\n\n\n\n<p><a href=\"https:\/\/platiica.economia.gob.mx\/evaluacion-de-la-conformidad\/tarifas-y-precios-de-entidades-de-acreditacion-y-organismos-de-evaluacion\/\">&gt; Tarifas y precios de las Entidades de Acreditaci\u00f3n y los Organismos de Evaluaci\u00f3n de la Conformidad<\/a><\/p>\n\n\n\n<p><a href=\"https:\/\/platiica.economia.gob.mx\/normalizacion\/catalogo-mexicano-de-normas\/\">&gt; Cat\u00e1logo Mexicano de Normas<\/a><\/p>\n\n\n\n<p><a href=\"https:\/\/platiica.economia.gob.mx\/36908-2\/\" data-type=\"URL\" data-id=\"https:\/\/platiica.economia.gob.mx\/36908-2\/\">&gt; Proceso de entrega de tarifas y precios<\/a><\/p>\n<\/div>\n<\/div>\n<\/div>\n<\/div>\n","protected":false},"excerpt":{"rendered":"<p>Personas morales debidamente autorizadas por la Secretar\u00eda de Econom\u00eda para conocer, tramitar y resolver las solicitudes de acreditaci\u00f3n.<\/p>\n","protected":false},"author":1,"featured_media":0,"parent":0,"menu_order":0,"comment_status":"closed","ping_status":"closed","template":"","meta":{"_links_to":"","_links_to_target":""},"yoast_head":"<!-- This site is optimized with the Yoast SEO plugin v21.5 - https:\/\/yoast.com\/wordpress\/plugins\/seo\/ -->\n<title>Entidades de acreditaci\u00f3n - Evaluaci\u00f3n de la conformidad<\/title>\n<meta name=\"description\" content=\"Consulta el listado de entidades de acreditaci\u00f3n autorizadas por la Secretar\u00eda de Econom\u00eda para tramitar y resolver las solicitudes de acreditaci\u00f3n.\" \/>\n<meta name=\"robots\" content=\"index, follow, max-snippet:-1, max-image-preview:large, max-video-preview:-1\" \/>\n<link rel=\"canonical\" href=\"http:\/\/10.100.20.231\/evaluacion-de-la-conformidad\/entidades-de-acreditacion\/\" \/>\n<meta property=\"og:locale\" content=\"es_MX\" \/>\n<meta property=\"og:type\" content=\"article\" \/>\n<meta property=\"og:title\" content=\"Entidades de acreditaci\u00f3n - Evaluaci\u00f3n de la conformidad\" \/>\n<meta property=\"og:description\" content=\"Consulta el listado de entidades de acreditaci\u00f3n autorizadas por la Secretar\u00eda de Econom\u00eda para tramitar y resolver las solicitudes de acreditaci\u00f3n.\" \/>\n<meta property=\"og:url\" content=\"http:\/\/10.100.20.231\/evaluacion-de-la-conformidad\/entidades-de-acreditacion\/\" \/>\n<meta property=\"og:site_name\" content=\"Evaluaci\u00f3n de la conformidad\" \/>\n<meta property=\"article:modified_time\" content=\"2026-04-16T22:55:33+00:00\" \/>\n<meta property=\"og:image\" content=\"http:\/\/10.100.20.231\/evaluacion-de-la-conformidad\/wp-content\/uploads\/sites\/5\/2024\/05\/platiica-economia.jpg\" \/>\n\t<meta property=\"og:image:width\" content=\"1200\" \/>\n\t<meta property=\"og:image:height\" content=\"675\" \/>\n\t<meta property=\"og:image:type\" content=\"image\/jpeg\" \/>\n<meta name=\"twitter:card\" content=\"summary_large_image\" \/>\n<meta name=\"twitter:label1\" content=\"Tiempo de lectura\" \/>\n\t<meta name=\"twitter:data1\" content=\"4 minutos\" \/>\n<script type=\"application\/ld+json\" class=\"yoast-schema-graph\">{\"@context\":\"https:\/\/schema.org\",\"@graph\":[{\"@type\":\"WebPage\",\"@id\":\"http:\/\/10.100.20.231\/evaluacion-de-la-conformidad\/entidades-de-acreditacion\/\",\"url\":\"http:\/\/10.100.20.231\/evaluacion-de-la-conformidad\/entidades-de-acreditacion\/\",\"name\":\"Entidades de acreditaci\u00f3n - Evaluaci\u00f3n de la conformidad\",\"isPartOf\":{\"@id\":\"http:\/\/10.100.20.231\/evaluacion-de-la-conformidad\/#website\"},\"datePublished\":\"2022-08-30T00:22:22+00:00\",\"dateModified\":\"2026-04-16T22:55:33+00:00\",\"description\":\"Consulta el listado de entidades de acreditaci\u00f3n autorizadas por la Secretar\u00eda de Econom\u00eda para tramitar y resolver las solicitudes de acreditaci\u00f3n.\",\"breadcrumb\":{\"@id\":\"http:\/\/10.100.20.231\/evaluacion-de-la-conformidad\/entidades-de-acreditacion\/#breadcrumb\"},\"inLanguage\":\"es-MX\",\"potentialAction\":[{\"@type\":\"ReadAction\",\"target\":[\"http:\/\/10.100.20.231\/evaluacion-de-la-conformidad\/entidades-de-acreditacion\/\"]}]},{\"@type\":\"BreadcrumbList\",\"@id\":\"http:\/\/10.100.20.231\/evaluacion-de-la-conformidad\/entidades-de-acreditacion\/#breadcrumb\",\"itemListElement\":[{\"@type\":\"ListItem\",\"position\":1,\"name\":\"Inicio\",\"item\":\"http:\/\/10.100.20.231\/evaluacion-de-la-conformidad\/\"},{\"@type\":\"ListItem\",\"position\":2,\"name\":\"Entidades de acreditaci\u00f3n\"}]},{\"@type\":\"WebSite\",\"@id\":\"http:\/\/10.100.20.231\/evaluacion-de-la-conformidad\/#website\",\"url\":\"http:\/\/10.100.20.231\/evaluacion-de-la-conformidad\/\",\"name\":\"Evaluaci\u00f3n de la conformidad\",\"description\":\"\",\"publisher\":{\"@id\":\"http:\/\/10.100.20.231\/evaluacion-de-la-conformidad\/#organization\"},\"potentialAction\":[{\"@type\":\"SearchAction\",\"target\":{\"@type\":\"EntryPoint\",\"urlTemplate\":\"http:\/\/10.100.20.231\/evaluacion-de-la-conformidad\/?s={search_term_string}\"},\"query-input\":\"required name=search_term_string\"}],\"inLanguage\":\"es-MX\"},{\"@type\":\"Organization\",\"@id\":\"http:\/\/10.100.20.231\/evaluacion-de-la-conformidad\/#organization\",\"name\":\"Evaluaci\u00f3n de la conformidad\",\"url\":\"http:\/\/10.100.20.231\/evaluacion-de-la-conformidad\/\",\"logo\":{\"@type\":\"ImageObject\",\"inLanguage\":\"es-MX\",\"@id\":\"http:\/\/10.100.20.231\/evaluacion-de-la-conformidad\/#\/schema\/logo\/image\/\",\"url\":\"http:\/\/10.100.20.231\/evaluacion-de-la-conformidad\/wp-content\/uploads\/sites\/5\/2021\/10\/logo-gobierno-mexico.svg\",\"contentUrl\":\"http:\/\/10.100.20.231\/evaluacion-de-la-conformidad\/wp-content\/uploads\/sites\/5\/2021\/10\/logo-gobierno-mexico.svg\",\"width\":123,\"height\":36,\"caption\":\"Evaluaci\u00f3n de la conformidad\"},\"image\":{\"@id\":\"http:\/\/10.100.20.231\/evaluacion-de-la-conformidad\/#\/schema\/logo\/image\/\"}}]}<\/script>\n<!-- \/ Yoast SEO plugin. -->","yoast_head_json":{"title":"Entidades de acreditaci\u00f3n - Evaluaci\u00f3n de la conformidad","description":"Consulta el listado de entidades de acreditaci\u00f3n autorizadas por la Secretar\u00eda de Econom\u00eda para tramitar y resolver las solicitudes de acreditaci\u00f3n.","robots":{"index":"index","follow":"follow","max-snippet":"max-snippet:-1","max-image-preview":"max-image-preview:large","max-video-preview":"max-video-preview:-1"},"canonical":"http:\/\/10.100.20.231\/evaluacion-de-la-conformidad\/entidades-de-acreditacion\/","og_locale":"es_MX","og_type":"article","og_title":"Entidades de acreditaci\u00f3n - Evaluaci\u00f3n de la conformidad","og_description":"Consulta el listado de entidades de acreditaci\u00f3n autorizadas por la Secretar\u00eda de Econom\u00eda para tramitar y resolver las solicitudes de acreditaci\u00f3n.","og_url":"http:\/\/10.100.20.231\/evaluacion-de-la-conformidad\/entidades-de-acreditacion\/","og_site_name":"Evaluaci\u00f3n de la conformidad","article_modified_time":"2026-04-16T22:55:33+00:00","og_image":[{"width":1200,"height":675,"url":"http:\/\/10.100.20.231\/evaluacion-de-la-conformidad\/wp-content\/uploads\/sites\/5\/2024\/05\/platiica-economia.jpg","type":"image\/jpeg"}],"twitter_card":"summary_large_image","twitter_misc":{"Tiempo de lectura":"4 minutos"},"schema":{"@context":"https:\/\/schema.org","@graph":[{"@type":"WebPage","@id":"http:\/\/10.100.20.231\/evaluacion-de-la-conformidad\/entidades-de-acreditacion\/","url":"http:\/\/10.100.20.231\/evaluacion-de-la-conformidad\/entidades-de-acreditacion\/","name":"Entidades de acreditaci\u00f3n - Evaluaci\u00f3n de la conformidad","isPartOf":{"@id":"http:\/\/10.100.20.231\/evaluacion-de-la-conformidad\/#website"},"datePublished":"2022-08-30T00:22:22+00:00","dateModified":"2026-04-16T22:55:33+00:00","description":"Consulta el listado de entidades de acreditaci\u00f3n autorizadas por la Secretar\u00eda de Econom\u00eda para tramitar y resolver las solicitudes de acreditaci\u00f3n.","breadcrumb":{"@id":"http:\/\/10.100.20.231\/evaluacion-de-la-conformidad\/entidades-de-acreditacion\/#breadcrumb"},"inLanguage":"es-MX","potentialAction":[{"@type":"ReadAction","target":["http:\/\/10.100.20.231\/evaluacion-de-la-conformidad\/entidades-de-acreditacion\/"]}]},{"@type":"BreadcrumbList","@id":"http:\/\/10.100.20.231\/evaluacion-de-la-conformidad\/entidades-de-acreditacion\/#breadcrumb","itemListElement":[{"@type":"ListItem","position":1,"name":"Inicio","item":"http:\/\/10.100.20.231\/evaluacion-de-la-conformidad\/"},{"@type":"ListItem","position":2,"name":"Entidades de acreditaci\u00f3n"}]},{"@type":"WebSite","@id":"http:\/\/10.100.20.231\/evaluacion-de-la-conformidad\/#website","url":"http:\/\/10.100.20.231\/evaluacion-de-la-conformidad\/","name":"Evaluaci\u00f3n de la conformidad","description":"","publisher":{"@id":"http:\/\/10.100.20.231\/evaluacion-de-la-conformidad\/#organization"},"potentialAction":[{"@type":"SearchAction","target":{"@type":"EntryPoint","urlTemplate":"http:\/\/10.100.20.231\/evaluacion-de-la-conformidad\/?s={search_term_string}"},"query-input":"required name=search_term_string"}],"inLanguage":"es-MX"},{"@type":"Organization","@id":"http:\/\/10.100.20.231\/evaluacion-de-la-conformidad\/#organization","name":"Evaluaci\u00f3n de la conformidad","url":"http:\/\/10.100.20.231\/evaluacion-de-la-conformidad\/","logo":{"@type":"ImageObject","inLanguage":"es-MX","@id":"http:\/\/10.100.20.231\/evaluacion-de-la-conformidad\/#\/schema\/logo\/image\/","url":"http:\/\/10.100.20.231\/evaluacion-de-la-conformidad\/wp-content\/uploads\/sites\/5\/2021\/10\/logo-gobierno-mexico.svg","contentUrl":"http:\/\/10.100.20.231\/evaluacion-de-la-conformidad\/wp-content\/uploads\/sites\/5\/2021\/10\/logo-gobierno-mexico.svg","width":123,"height":36,"caption":"Evaluaci\u00f3n de la conformidad"},"image":{"@id":"http:\/\/10.100.20.231\/evaluacion-de-la-conformidad\/#\/schema\/logo\/image\/"}}]}},"_links":{"self":[{"href":"http:\/\/10.100.20.231\/evaluacion-de-la-conformidad\/wp-json\/wp\/v2\/pages\/60691"}],"collection":[{"href":"http:\/\/10.100.20.231\/evaluacion-de-la-conformidad\/wp-json\/wp\/v2\/pages"}],"about":[{"href":"http:\/\/10.100.20.231\/evaluacion-de-la-conformidad\/wp-json\/wp\/v2\/types\/page"}],"author":[{"embeddable":true,"href":"http:\/\/10.100.20.231\/evaluacion-de-la-conformidad\/wp-json\/wp\/v2\/users\/1"}],"replies":[{"embeddable":true,"href":"http:\/\/10.100.20.231\/evaluacion-de-la-conformidad\/wp-json\/wp\/v2\/comments?post=60691"}],"version-history":[{"count":4,"href":"http:\/\/10.100.20.231\/evaluacion-de-la-conformidad\/wp-json\/wp\/v2\/pages\/60691\/revisions"}],"predecessor-version":[{"id":164395,"href":"http:\/\/10.100.20.231\/evaluacion-de-la-conformidad\/wp-json\/wp\/v2\/pages\/60691\/revisions\/164395"}],"wp:attachment":[{"href":"http:\/\/10.100.20.231\/evaluacion-de-la-conformidad\/wp-json\/wp\/v2\/media?parent=60691"}],"curies":[{"name":"wp","href":"https:\/\/api.w.org\/{rel}","templated":true}]}}