{"id":60701,"date":"2022-08-29T19:29:54","date_gmt":"2022-08-30T00:29:54","guid":{"rendered":"http:\/\/10.100.20.231\/evaluacion-de-la-conformidad-de-normas-oficiales-mexicanas-estandares-y-normas-internacionales\/?page_id=60701"},"modified":"2023-12-14T14:54:35","modified_gmt":"2023-12-14T20:54:35","slug":"acuerdos-y-arreglos-de-reconocimiento-mutuo","status":"publish","type":"page","link":"http:\/\/10.100.20.231\/evaluacion-de-la-conformidad\/acuerdos-y-arreglos-de-reconocimiento-mutuo\/","title":{"rendered":"Acuerdos y arreglos de reconocimiento mutuo"},"content":{"rendered":"\n<div class=\"wp-container-3 wp-block-group alignfull barra contenido-principal max-dos-tercios informativa\" id=\"filtrable\">\n<div class=\"wp-container-1 wp-block-group yoast-breadcrumbs\">\n<p><a href=\"https:\/\/platiica.economia.gob.mx\/\">Inicio<\/a> &gt; <a href=\"https:\/\/platiica.economia.gob.mx\/evaluacion-de-la-conformidad\/\">Evaluaci\u00f3n de la conformidad<\/a> &gt; <strong><strong>Acuerdos y Arreglos de Reconocimiento Mutuo<\/strong><\/strong><\/p>\n<\/div>\n\n\n\n<h1><strong><strong>Acuerdos y Arreglos de Reconocimiento Mutuo<\/strong><\/strong><\/h1>\n\n\n\n<p>Los Acuerdos y Arreglos de Reconocimiento Mutuo, son los instrumentos por medio de los cuales las partes involucradas se reconocen rec\u00edprocamente los resultados de los Procedimientos de Evaluaci\u00f3n de la Conformidad, cumpliendo con lo establecido por las disposiciones nacionales e internacionales aplicables.&nbsp;<\/p>\n\n\n\n<p><strong>Los sujetos que pueden concertar los Acuerdos de Reconocimiento Mutuo<\/strong>, en el \u00e1mbito de sus competencias y facultades, <strong>son la Secretar\u00eda de Econom\u00eda y las Autoridades Normalizadoras<\/strong>, con instituciones oficiales extranjeras e internacionales que lleven a cabo actividades similares.&nbsp;<\/p>\n\n\n\n<p><strong>Las Entidades de Acreditaci\u00f3n y los Organismos de Evaluaci\u00f3n de la Conformidad podr\u00e1n concertar Arreglos<\/strong> <strong>de Reconocimiento Mutuo<\/strong> con entidades y organismos extranjeros que lleven a cabo actividades similares.<\/p>\n\n\n\n<h2>\u00bfCu\u00e1l es el procedimiento?<\/h2>\n\n\n\n<p>Los referidos Acuerdos y Arreglos de Reconocimiento Mutuo, deber\u00e1n ser aprobados previamente por la Secretar\u00eda de Econom\u00eda por conducto de la Direcci\u00f3n General de Normas (DGN), y en el caso de los Arreglos de reconocimiento mutuo, la Secretar\u00eda de Econom\u00eda solicitar\u00e1 previo a su aprobaci\u00f3n, la opini\u00f3n de la Autoridad Normalizadora correspondiente.<\/p>\n\n\n\n<h2>\u00bfCu\u00e1les son los beneficios para las partes celebrantes?<\/h2>\n\n\n\n<ul><li>Disminuci\u00f3n en costos y tiempos para las partes.<\/li><li>Fomenta el desarrollo econ\u00f3mico de un sector productivo determinado.<\/li><li>Impulsa la competencia en el mercado interno.<\/li><li>Genera certidumbre a los integrantes del Sistema Nacional de Infraestructura de la Calidad.<\/li><li>Reconoce la publicidad como principio rector de la Ley de Infraestructura de la Calidad, al establecer un periodo de consulta p\u00fablica para proyectos de Acuerdos y Arreglos de Reconocimiento Mutuo.<\/li><\/ul>\n\n\n\n<p><\/p>\n\n\n\n<h2>Consulta las publicaciones de Acuerdos de Reconocimiento Mutuo<\/h2>\n\n\n\n<figure class=\"wp-block-table\"><table><tbody><tr><td><strong>Fecha de Publicaci\u00f3n<\/strong><\/td><td><strong>T\u00edtulo<\/strong><\/td><\/tr><tr><td>07-04-2017<\/td><td><a href=\"https:\/\/sidof.segob.gob.mx\/notas\/5479131\" target=\"_blank\" rel=\"noreferrer noopener\">Extracto del Acuerdo de reconocimiento mutuo entre UL de M\u00e9xico, S.A. de C.V., UL LLC (Estados Unidos) y UL International DEMKO A\/S (Dinamarca), en los sectores el\u00e9ctrico y electr\u00f3nico.<\/a><\/td><\/tr><tr><td>11-07-2016<\/td><td><a href=\"https:\/\/sidof.segob.gob.mx\/notas\/5444256\" target=\"_blank\" rel=\"noreferrer noopener\">Extracto del Acuerdo de Reconocimiento Mutuo entre Normalizaci\u00f3n y Certificaci\u00f3n Electr\u00f3nica, S.C.; con Korea Testing And Research Institute, Ktr; en la rama del sector electrot\u00e9cnico y de dispositivos m\u00e9dicos<\/a><\/td><\/tr><tr><td>19-04-2016<\/td><td><a href=\"https:\/\/sidof.segob.gob.mx\/notas\/5433573\" target=\"_blank\" rel=\"noreferrer noopener\">Extracto del Acuerdo de reconocimiento mutuo entre la C\u00e1mara Nacional de la Industria Electr\u00f3nica de Telecomunicaciones y Tecnolog\u00edas de la Informaci\u00f3n (CANIETI) y el Laboratorio UL LLC, en la Rama de Eficiencia Energ\u00e9tica<\/a><\/td><\/tr><tr><td>19-04-2016<\/td><td><a href=\"https:\/\/sidof.segob.gob.mx\/notas\/5433574\" target=\"_blank\" rel=\"noreferrer noopener\">Extracto del Acuerdo de reconocimiento mutuo entre Normalizaci\u00f3n y Certificaci\u00f3n Electr\u00f3nica, S.C.; SGS FIMKO LTD, y SGS Belgium N.V.; para la aceptaci\u00f3n de resultados de evaluaci\u00f3n de la conformidad en el sector electrot\u00e9cnico<\/a><\/td><\/tr><tr><td>05-11-2013<\/td><td><a href=\"https:\/\/sidof.segob.gob.mx\/notas\/5320673\" target=\"_blank\" rel=\"noreferrer noopener\">Extracto del Acuerdo de Reconocimiento Mutuo entre T\u00fcv Rheinland de M\u00e9xico, S.A. de C.V. y T\u00fcv Rheinland of North Am\u00e9rica, Inc, para realizar evaluaciones de seguridad de productos de conformidad con las normas nacionales e internacionales aplicables<\/a><\/td><\/tr><tr><td>14-02-2013<\/td><td><a href=\"https:\/\/sidof.segob.gob.mx\/notas\/5287831\" target=\"_blank\" rel=\"noreferrer noopener\">Extracto del Acuerdo de Reconocimiento Mutuo entre Vkan Certification &amp; Testing Co., Ltd (CVC) y la Asociaci\u00f3n de Normalizaci\u00f3n y Certificaci\u00f3n, A.C. (ANCE), para realizar evaluaciones de seguridad de productos de conformidad con las normas nacionales e internacionales aplicables<\/a><\/td><\/tr><tr><td>14-02-2013<\/td><td><a href=\"https:\/\/sidof.segob.gob.mx\/notas\/5287829\" target=\"_blank\" rel=\"noreferrer noopener\">Extracto del Acuerdo de Reconocimiento Mutuo entre Standard Technology Union Co., Ltd. (STU) y la Asociaci\u00f3n de Normalizaci\u00f3n y Certificaci\u00f3n, A.C. (ANCE), para realizar evaluaciones de seguridad de productos de conformidad con las normas nacionales e internacionales aplicables<\/a><\/td><\/tr><tr><td>14-02-2013<\/td><td><a href=\"https:\/\/sidof.segob.gob.mx\/notas\/5287830\" target=\"_blank\" rel=\"noreferrer noopener\">Extracto del Acuerdo de Reconocimiento Mutuo entre SGS-CSTC Standards Technical Services Co., Ltd. Guangzhou Branch Testing Center (SGS-GZ) y la Asociaci\u00f3n de Normalizaci\u00f3n y Certificaci\u00f3n, A.C. (ANCE), para realizar evaluaciones de seguridad de productos de conformidad con las normas nacionales e internacionales aplicables<\/a><\/td><\/tr><tr><td>14-02-2013<\/td><td><a href=\"https:\/\/sidof.segob.gob.mx\/notas\/5287832\" target=\"_blank\" rel=\"noreferrer noopener\">Extracto del Acuerdo de Reconocimiento Mutuo entre ELECTROSUISSE y la Asociaci\u00f3n de Normalizaci\u00f3n y Certificaci\u00f3n, A.C. (ANCE), para realizar evaluaciones de seguridad de productos de conformidad con las normas nacionales e internacionales aplicables<\/a><\/td><\/tr><tr><td>24-01-2012<\/td><td><a href=\"https:\/\/sidof.segob.gob.mx\/notas\/5230856\" target=\"_blank\" rel=\"noreferrer noopener\">Extracto del Acuerdo de Reconocimiento Mutuo entre la C\u00e1mara Nacional de la Industria Electr\u00f3nica de Telecomunicaciones y Tecnolog\u00edas de la Informaci\u00f3n (Canieti) y SGS-CSTC Standards Technical Services Co., Ltd, Guangzhou Branch (SGS-CSTC GZ), en materia de resultados de prueba de laboratorio de seguridad<\/a><\/td><\/tr><tr><td>21-06-2011<\/td><td><a href=\"https:\/\/sidof.segob.gob.mx\/notas\/5197220\" target=\"_blank\" rel=\"noreferrer noopener\">Extracto del Acuerdo de Reconocimiento Mutuo entre Intertek Testing Services de M\u00e9xico, S.A. de C.V. (Intertek ETL Semko M\u00e9xico) ubicado en M\u00e9xico, y Intertek Testing Services Thailand Limited. (Intertek) ubicado en Tailandia, para la aceptaci\u00f3n de resultados de evaluaci\u00f3n de la conformidad en productos el\u00e9ctricos y electr\u00f3nicos<\/a><\/td><\/tr><tr><td>13-05-2011<\/td><td><a href=\"https:\/\/sidof.segob.gob.mx\/notas\/5189399\" target=\"_blank\" rel=\"noreferrer noopener\">Extracto del Acuerdo de Reconocimiento Mutuo entre Factual Services, S.C. (FACTUAL) ubicado en M\u00e9xico, y TUV Rheinland of North America Inc. (TUV) ubicado en Estados Unidos de Am\u00e9rica, para la aceptaci\u00f3n de resultados de evaluaci\u00f3n de la conformidad en productos el\u00e9ctricos y electr\u00f3nicos<\/a><\/td><\/tr><\/tbody><\/table><\/figure>\n\n\n\n<h2>Acuerdos de equivalencia<\/h2>\n\n\n\n<p>Son las resoluciones por las cuales la Secretar\u00eda, por s\u00ed o a solicitud de una parte interesada, reconoce o acepta unilateral o rec\u00edprocamente los reglamentos t\u00e9cnicos extranjeros, o los resultados de la Evaluaci\u00f3n de la Conformidad que lleven a cabo las entidades internacionales o extranjeras.<\/p>\n\n\n\n<div style=\"height:0px\" aria-hidden=\"true\" class=\"wp-block-spacer\"><\/div>\n\n\n\n<p><strong>Tr\u00e1mite relacionado<\/strong><\/p>\n\n\n\n<p>Aprobaci\u00f3n de acuerdos y arreglos de reconocimiento mutuo y acuerdos de equivalencia<\/p>\n\n\n\n<p><a href=\"https:\/\/platiica.economia.gob.mx\/listado-de-tramites\/\">> Ir a Tr\u00e1mites<\/a><\/p>\n\n\n\n<div class=\"wp-container-2 wp-block-group adicional\">\n<p><strong>Te puede interesar:<\/strong><\/p>\n\n\n\n<p><a href=\"https:\/\/platiica.economia.gob.mx\/evaluacion-de-la-conformidad\/acuerdo-sobre-obstaculos-tecnicos-al-comercio-de-la-organizacion-mundial-de-comercio\">&gt; Acuerdo Sobre Obst\u00e1culos T\u00e9cnicos al Comercio<\/a><\/p>\n\n\n\n<p><a href=\"https:\/\/platiica.economia.gob.mx\/normalizacion\/organismos-internacionales-de-normalizacion\/\">&gt; Organismos Internacionales de Normalizaci\u00f3n<\/a><\/p>\n\n\n\n<p><a href=\"https:\/\/platiica.economia.gob.mx\/normalizacion\/comites-mexicanos-de-atencion-a-organismos-internacionales\/\">&gt; Comit\u00e9s Mexicanos de Atenci\u00f3n a Organismos Internacionales<\/a><\/p>\n<\/div>\n<\/div>\n","protected":false},"excerpt":{"rendered":"<p>La Ley de Infraestructura de la Calidad promueve la celebraci\u00f3n de convenios entre autoridades normalizadoras, entidades de acreditaci\u00f3n y organismos de evaluaci\u00f3n mexicanos con sus pares en el extranjero que faciliten la aprobaci\u00f3n bilateral o multilateral de los resultados obtenidos en los procedimientos de evaluaci\u00f3n de la conformidad.<\/p>\n","protected":false},"author":1,"featured_media":0,"parent":0,"menu_order":0,"comment_status":"closed","ping_status":"closed","template":"","meta":{"_links_to":"","_links_to_target":""},"yoast_head":"<!-- This site is optimized with the Yoast SEO plugin v21.5 - https:\/\/yoast.com\/wordpress\/plugins\/seo\/ -->\n<title>Acuerdos y arreglos de reconocimiento mutuo - Evaluaci\u00f3n de la conformidad<\/title>\n<meta name=\"description\" content=\"Conoce los acuerdos y arreglos de reconocimiento mutuo y acuerdos de equivalencia que facilitan la aprobaci\u00f3n de los resultados de evaluaci\u00f3n de la conformidad.\" \/>\n<meta name=\"robots\" content=\"index, follow, max-snippet:-1, max-image-preview:large, max-video-preview:-1\" \/>\n<link rel=\"canonical\" href=\"http:\/\/10.100.20.231\/evaluacion-de-la-conformidad\/acuerdos-y-arreglos-de-reconocimiento-mutuo\/\" \/>\n<meta property=\"og:locale\" content=\"es_MX\" \/>\n<meta property=\"og:type\" content=\"article\" \/>\n<meta property=\"og:title\" content=\"Acuerdos y arreglos de reconocimiento mutuo - Evaluaci\u00f3n de la conformidad\" \/>\n<meta property=\"og:description\" content=\"Conoce los acuerdos y arreglos de reconocimiento mutuo y acuerdos de equivalencia que facilitan la aprobaci\u00f3n de los resultados de evaluaci\u00f3n de la conformidad.\" \/>\n<meta property=\"og:url\" content=\"http:\/\/10.100.20.231\/evaluacion-de-la-conformidad\/acuerdos-y-arreglos-de-reconocimiento-mutuo\/\" \/>\n<meta property=\"og:site_name\" content=\"Evaluaci\u00f3n de la conformidad\" \/>\n<meta property=\"article:modified_time\" content=\"2023-12-14T20:54:35+00:00\" \/>\n<meta property=\"og:image\" content=\"http:\/\/10.100.20.231\/evaluacion-de-la-conformidad\/wp-content\/uploads\/sites\/5\/2024\/05\/platiica-economia.jpg\" \/>\n\t<meta property=\"og:image:width\" content=\"1200\" \/>\n\t<meta property=\"og:image:height\" content=\"675\" \/>\n\t<meta property=\"og:image:type\" content=\"image\/jpeg\" \/>\n<meta name=\"twitter:card\" content=\"summary_large_image\" \/>\n<meta name=\"twitter:label1\" content=\"Tiempo de lectura\" \/>\n\t<meta name=\"twitter:data1\" content=\"4 minutos\" \/>\n<script type=\"application\/ld+json\" class=\"yoast-schema-graph\">{\"@context\":\"https:\/\/schema.org\",\"@graph\":[{\"@type\":\"WebPage\",\"@id\":\"http:\/\/10.100.20.231\/evaluacion-de-la-conformidad\/acuerdos-y-arreglos-de-reconocimiento-mutuo\/\",\"url\":\"http:\/\/10.100.20.231\/evaluacion-de-la-conformidad\/acuerdos-y-arreglos-de-reconocimiento-mutuo\/\",\"name\":\"Acuerdos y arreglos de reconocimiento mutuo - Evaluaci\u00f3n de la conformidad\",\"isPartOf\":{\"@id\":\"http:\/\/10.100.20.231\/evaluacion-de-la-conformidad\/#website\"},\"datePublished\":\"2022-08-30T00:29:54+00:00\",\"dateModified\":\"2023-12-14T20:54:35+00:00\",\"description\":\"Conoce los acuerdos y arreglos de reconocimiento mutuo y acuerdos de equivalencia que facilitan la aprobaci\u00f3n de los resultados de evaluaci\u00f3n de la conformidad.\",\"breadcrumb\":{\"@id\":\"http:\/\/10.100.20.231\/evaluacion-de-la-conformidad\/acuerdos-y-arreglos-de-reconocimiento-mutuo\/#breadcrumb\"},\"inLanguage\":\"es-MX\",\"potentialAction\":[{\"@type\":\"ReadAction\",\"target\":[\"http:\/\/10.100.20.231\/evaluacion-de-la-conformidad\/acuerdos-y-arreglos-de-reconocimiento-mutuo\/\"]}]},{\"@type\":\"BreadcrumbList\",\"@id\":\"http:\/\/10.100.20.231\/evaluacion-de-la-conformidad\/acuerdos-y-arreglos-de-reconocimiento-mutuo\/#breadcrumb\",\"itemListElement\":[{\"@type\":\"ListItem\",\"position\":1,\"name\":\"Inicio\",\"item\":\"http:\/\/10.100.20.231\/evaluacion-de-la-conformidad\/\"},{\"@type\":\"ListItem\",\"position\":2,\"name\":\"Acuerdos y arreglos de reconocimiento mutuo\"}]},{\"@type\":\"WebSite\",\"@id\":\"http:\/\/10.100.20.231\/evaluacion-de-la-conformidad\/#website\",\"url\":\"http:\/\/10.100.20.231\/evaluacion-de-la-conformidad\/\",\"name\":\"Evaluaci\u00f3n de la conformidad\",\"description\":\"\",\"publisher\":{\"@id\":\"http:\/\/10.100.20.231\/evaluacion-de-la-conformidad\/#organization\"},\"potentialAction\":[{\"@type\":\"SearchAction\",\"target\":{\"@type\":\"EntryPoint\",\"urlTemplate\":\"http:\/\/10.100.20.231\/evaluacion-de-la-conformidad\/?s={search_term_string}\"},\"query-input\":\"required name=search_term_string\"}],\"inLanguage\":\"es-MX\"},{\"@type\":\"Organization\",\"@id\":\"http:\/\/10.100.20.231\/evaluacion-de-la-conformidad\/#organization\",\"name\":\"Evaluaci\u00f3n de la conformidad\",\"url\":\"http:\/\/10.100.20.231\/evaluacion-de-la-conformidad\/\",\"logo\":{\"@type\":\"ImageObject\",\"inLanguage\":\"es-MX\",\"@id\":\"http:\/\/10.100.20.231\/evaluacion-de-la-conformidad\/#\/schema\/logo\/image\/\",\"url\":\"http:\/\/10.100.20.231\/evaluacion-de-la-conformidad\/wp-content\/uploads\/sites\/5\/2021\/10\/logo-gobierno-mexico.svg\",\"contentUrl\":\"http:\/\/10.100.20.231\/evaluacion-de-la-conformidad\/wp-content\/uploads\/sites\/5\/2021\/10\/logo-gobierno-mexico.svg\",\"width\":123,\"height\":36,\"caption\":\"Evaluaci\u00f3n de la conformidad\"},\"image\":{\"@id\":\"http:\/\/10.100.20.231\/evaluacion-de-la-conformidad\/#\/schema\/logo\/image\/\"}}]}<\/script>\n<!-- \/ Yoast SEO plugin. -->","yoast_head_json":{"title":"Acuerdos y arreglos de reconocimiento mutuo - Evaluaci\u00f3n de la conformidad","description":"Conoce los acuerdos y arreglos de reconocimiento mutuo y acuerdos de equivalencia que facilitan la aprobaci\u00f3n de los resultados de evaluaci\u00f3n de la conformidad.","robots":{"index":"index","follow":"follow","max-snippet":"max-snippet:-1","max-image-preview":"max-image-preview:large","max-video-preview":"max-video-preview:-1"},"canonical":"http:\/\/10.100.20.231\/evaluacion-de-la-conformidad\/acuerdos-y-arreglos-de-reconocimiento-mutuo\/","og_locale":"es_MX","og_type":"article","og_title":"Acuerdos y arreglos de reconocimiento mutuo - Evaluaci\u00f3n de la conformidad","og_description":"Conoce los acuerdos y arreglos de reconocimiento mutuo y acuerdos de equivalencia que facilitan la aprobaci\u00f3n de los resultados de evaluaci\u00f3n de la conformidad.","og_url":"http:\/\/10.100.20.231\/evaluacion-de-la-conformidad\/acuerdos-y-arreglos-de-reconocimiento-mutuo\/","og_site_name":"Evaluaci\u00f3n de la conformidad","article_modified_time":"2023-12-14T20:54:35+00:00","og_image":[{"width":1200,"height":675,"url":"http:\/\/10.100.20.231\/evaluacion-de-la-conformidad\/wp-content\/uploads\/sites\/5\/2024\/05\/platiica-economia.jpg","type":"image\/jpeg"}],"twitter_card":"summary_large_image","twitter_misc":{"Tiempo de lectura":"4 minutos"},"schema":{"@context":"https:\/\/schema.org","@graph":[{"@type":"WebPage","@id":"http:\/\/10.100.20.231\/evaluacion-de-la-conformidad\/acuerdos-y-arreglos-de-reconocimiento-mutuo\/","url":"http:\/\/10.100.20.231\/evaluacion-de-la-conformidad\/acuerdos-y-arreglos-de-reconocimiento-mutuo\/","name":"Acuerdos y arreglos de reconocimiento mutuo - Evaluaci\u00f3n de la conformidad","isPartOf":{"@id":"http:\/\/10.100.20.231\/evaluacion-de-la-conformidad\/#website"},"datePublished":"2022-08-30T00:29:54+00:00","dateModified":"2023-12-14T20:54:35+00:00","description":"Conoce los acuerdos y arreglos de reconocimiento mutuo y acuerdos de equivalencia que facilitan la aprobaci\u00f3n de los resultados de evaluaci\u00f3n de la conformidad.","breadcrumb":{"@id":"http:\/\/10.100.20.231\/evaluacion-de-la-conformidad\/acuerdos-y-arreglos-de-reconocimiento-mutuo\/#breadcrumb"},"inLanguage":"es-MX","potentialAction":[{"@type":"ReadAction","target":["http:\/\/10.100.20.231\/evaluacion-de-la-conformidad\/acuerdos-y-arreglos-de-reconocimiento-mutuo\/"]}]},{"@type":"BreadcrumbList","@id":"http:\/\/10.100.20.231\/evaluacion-de-la-conformidad\/acuerdos-y-arreglos-de-reconocimiento-mutuo\/#breadcrumb","itemListElement":[{"@type":"ListItem","position":1,"name":"Inicio","item":"http:\/\/10.100.20.231\/evaluacion-de-la-conformidad\/"},{"@type":"ListItem","position":2,"name":"Acuerdos y arreglos de reconocimiento mutuo"}]},{"@type":"WebSite","@id":"http:\/\/10.100.20.231\/evaluacion-de-la-conformidad\/#website","url":"http:\/\/10.100.20.231\/evaluacion-de-la-conformidad\/","name":"Evaluaci\u00f3n de la conformidad","description":"","publisher":{"@id":"http:\/\/10.100.20.231\/evaluacion-de-la-conformidad\/#organization"},"potentialAction":[{"@type":"SearchAction","target":{"@type":"EntryPoint","urlTemplate":"http:\/\/10.100.20.231\/evaluacion-de-la-conformidad\/?s={search_term_string}"},"query-input":"required name=search_term_string"}],"inLanguage":"es-MX"},{"@type":"Organization","@id":"http:\/\/10.100.20.231\/evaluacion-de-la-conformidad\/#organization","name":"Evaluaci\u00f3n de la conformidad","url":"http:\/\/10.100.20.231\/evaluacion-de-la-conformidad\/","logo":{"@type":"ImageObject","inLanguage":"es-MX","@id":"http:\/\/10.100.20.231\/evaluacion-de-la-conformidad\/#\/schema\/logo\/image\/","url":"http:\/\/10.100.20.231\/evaluacion-de-la-conformidad\/wp-content\/uploads\/sites\/5\/2021\/10\/logo-gobierno-mexico.svg","contentUrl":"http:\/\/10.100.20.231\/evaluacion-de-la-conformidad\/wp-content\/uploads\/sites\/5\/2021\/10\/logo-gobierno-mexico.svg","width":123,"height":36,"caption":"Evaluaci\u00f3n de la conformidad"},"image":{"@id":"http:\/\/10.100.20.231\/evaluacion-de-la-conformidad\/#\/schema\/logo\/image\/"}}]}},"_links":{"self":[{"href":"http:\/\/10.100.20.231\/evaluacion-de-la-conformidad\/wp-json\/wp\/v2\/pages\/60701"}],"collection":[{"href":"http:\/\/10.100.20.231\/evaluacion-de-la-conformidad\/wp-json\/wp\/v2\/pages"}],"about":[{"href":"http:\/\/10.100.20.231\/evaluacion-de-la-conformidad\/wp-json\/wp\/v2\/types\/page"}],"author":[{"embeddable":true,"href":"http:\/\/10.100.20.231\/evaluacion-de-la-conformidad\/wp-json\/wp\/v2\/users\/1"}],"replies":[{"embeddable":true,"href":"http:\/\/10.100.20.231\/evaluacion-de-la-conformidad\/wp-json\/wp\/v2\/comments?post=60701"}],"version-history":[{"count":0,"href":"http:\/\/10.100.20.231\/evaluacion-de-la-conformidad\/wp-json\/wp\/v2\/pages\/60701\/revisions"}],"wp:attachment":[{"href":"http:\/\/10.100.20.231\/evaluacion-de-la-conformidad\/wp-json\/wp\/v2\/media?parent=60701"}],"curies":[{"name":"wp","href":"https:\/\/api.w.org\/{rel}","templated":true}]}}