{"id":60936,"date":"2023-07-14T14:05:05","date_gmt":"2023-07-14T20:05:05","guid":{"rendered":"http:\/\/10.100.20.231\/metrologia\/?page_id=60936"},"modified":"2023-11-08T12:01:20","modified_gmt":"2023-11-08T18:01:20","slug":"metrologia-industrial","status":"publish","type":"page","link":"http:\/\/10.100.20.231\/metrologia\/metrologia-industrial\/","title":{"rendered":"Metrolog\u00eda industrial"},"content":{"rendered":"\n<div class=\"wp-container-3 wp-block-group alignfull barra contenido-principal max-dos-tercios informativa\" id=\"filtrable\">\n<div class=\"wp-container-1 wp-block-group yoast-breadcrumbs\">\n<p><a href=\"https:\/\/platiica.economia.gob.mx\/\">Inicio<\/a> &gt; <a href=\"https:\/\/platiica.economia.gob.mx\/metrologia\/\">Sistema de metrolog\u00eda<\/a> &gt; Metrolog\u00eda industrial<\/p>\n<\/div>\n\n\n\n<h1><strong><strong>Metrolog\u00eda industrial<\/strong><\/strong><\/h1>\n\n\n\n<div class=\"wp-block-columns\">\n<div class=\"wp-block-column\" style=\"padding-top:0px;padding-right:0px;padding-bottom:0px;padding-left:0px;flex-basis:60%\">\n<p>De acuerdo con la <a href=\"https:\/\/www.diputados.gob.mx\/LeyesBiblio\/pdf\/LICal_010720.pdf\" data-type=\"URL\" data-id=\"https:\/\/www.diputados.gob.mx\/LeyesBiblio\/pdf\/LICal_010720.pdf\">Ley de Infraestructura de la Calidad<\/a>:<\/p>\n\n\n\n<p>Corresponde a las industrias productivas asegurar la trazabilidad de las mediciones que realicen, con el prop\u00f3sito de contribuir a la confiabilidad y uniformidad de las mediciones en coordinaci\u00f3n, cuando resulte necesario, con el <a href=\"https:\/\/platiica.economia.gob.mx\/metrologia\/centro-nacional-de-metrologia-cenam\/\">Centro Nacional de Metrolog\u00eda<\/a>, los <a href=\"https:\/\/platiica.economia.gob.mx\/metrologia\/institutos-designados-de-metrologia\/\">Institutos Designados de Metrolog\u00eda,<\/a> los <a href=\"https:\/\/platiica.economia.gob.mx\/evaluacion-de-la-conformidad\/organismos-de-evaluacion-de-la-conformidad\/\" data-type=\"URL\" data-id=\"https:\/\/platiica.economia.gob.mx\/evaluacion-de-la-conformidad\/organismos-de-evaluacion-de-la-conformidad\/\">Organismos de Evaluaci\u00f3n de la Conformidad<\/a><a href=\"https:\/\/platiica.economia.gob.mx\/metrologia\/institutos-designados-de-metrologia\/\">, y<\/a> las <a href=\"https:\/\/platiica.economia.gob.mx\/normalizacion\/autoridades-normalizadoras-y-comites-consultivos-nacionales-de-normalizacion\/\" data-type=\"URL\" data-id=\"https:\/\/platiica.economia.gob.mx\/normalizacion\/autoridades-normalizadoras-y-comites-consultivos-nacionales-de-normalizacion\/\">Autoridades Normalizadoras<\/a>.<\/p>\n\n\n\n<p>Asimismo, las industrias productivas podr\u00e1n participar en la elaboraci\u00f3n de los Est\u00e1ndares relacionados con la metrolog\u00eda.&nbsp;<\/p>\n<\/div>\n\n\n\n<div class=\"wp-block-column\" style=\"padding-top:15px;padding-right:15px;padding-bottom:15px;padding-left:15px;flex-basis:40%\">\n<figure class=\"wp-block-image size-large\"><img loading=\"lazy\" width=\"469\" height=\"401\" src=\"https:\/\/platiica.economia.gob.mx\/metrologia\/wp-content\/uploads\/sites\/4\/2023\/10\/platiica-metrologia-industrial.svg\" alt=\"\" class=\"wp-image-61307\" \/><\/figure>\n<\/div>\n<\/div>\n\n\n\n<p>Corresponde al sector industrial, cuando as\u00ed se le requiera, coadyuvar con el Centro Nacional de Metrolog\u00eda, con los Institutos Designados de Metrolog\u00eda y las Autoridades Normalizadoras, aportando la informaci\u00f3n que se le requiera, con el objeto de fortalecer la participaci\u00f3n nacional en aquellas organizaciones internacionales reconocidas por el gobierno de los Estados Unidos Mexicanos y en otros foros en los que el pa\u00eds debe participar activamente en materia de metrolog\u00eda.<\/p>\n\n\n\n<p>Corresponde al sector industrial informar al Centro Nacional de Metrolog\u00eda, a los Institutos Designados de Metrolog\u00eda y a la Secretar\u00eda de los avances y mejoras susceptibles de ser incorporados al sistema de metrolog\u00eda que no contravengan el marco jur\u00eddico aplicable.<\/p>\n\n\n\n<p>La Secretar\u00eda, el Centro Nacional de Metrolog\u00eda y los Institutos Designados de Metrolog\u00eda analizar\u00e1n y, en caso de considerarlo pertinente, incorporar\u00e1n dichas mejoras a las actividades que realicen para fortalecer el sistema de metrolog\u00eda.<\/p>\n\n\n\n<div style=\"height:50px\" aria-hidden=\"true\" class=\"wp-block-spacer espacio-50\"><\/div>\n\n\n\n<div class=\"wp-container-2 wp-block-group adicional\">\n<p><strong>Te puede interesar:<\/strong><\/p>\n\n\n\n<p><a href=\"https:\/\/platiica.economia.gob.mx\/metrologia\/metrologia-cientifica\/\">&gt; Metrolog\u00eda cient\u00edfica<\/a><\/p>\n\n\n\n<p><a href=\"https:\/\/platiica.economia.gob.mx\/metrologia\/metrologia-legal\/\">&gt; Metrolog\u00eda legal<\/a><\/p>\n\n\n\n<p><a href=\"https:\/\/platiica.economia.gob.mx\/metrologia\/centro-nacional-de-metrologia-cenam\/\">&gt; Centro Nacional de Metrolog\u00eda<\/a><\/p>\n<\/div>\n<\/div>\n","protected":false},"excerpt":{"rendered":"<p>Los patrones nacionales de medida son referencias comunes para la trazabilidad metrol\u00f3gica establecidas por el Centro Nacional de Metrolog\u00eda (CENAM) con el fin de lograr consistencia en las mediciones.<\/p>\n","protected":false},"author":5,"featured_media":0,"parent":0,"menu_order":0,"comment_status":"closed","ping_status":"closed","template":"","meta":{"_links_to":"","_links_to_target":""},"yoast_head":"<!-- This site is optimized with the Yoast SEO plugin v21.5 - https:\/\/yoast.com\/wordpress\/plugins\/seo\/ -->\n<title>Metrolog\u00eda industrial - Sistema de metrolog\u00eda<\/title>\n<meta name=\"description\" content=\"Revisa el listado de patrones nacionales de medida autorizados por el Centro Nacional de Metrolog\u00eda y otras autoridades para la trazabilidad metrol\u00f3gica.\" \/>\n<meta name=\"robots\" content=\"index, follow, max-snippet:-1, max-image-preview:large, max-video-preview:-1\" \/>\n<link rel=\"canonical\" href=\"http:\/\/10.100.20.231\/metrologia\/metrologia-industrial\/\" \/>\n<meta property=\"og:locale\" content=\"es_MX\" \/>\n<meta property=\"og:type\" content=\"article\" \/>\n<meta property=\"og:title\" content=\"Metrolog\u00eda industrial - Sistema de metrolog\u00eda\" \/>\n<meta property=\"og:description\" content=\"Revisa el listado de patrones nacionales de medida autorizados por el Centro Nacional de Metrolog\u00eda y otras autoridades para la trazabilidad metrol\u00f3gica.\" \/>\n<meta property=\"og:url\" content=\"http:\/\/10.100.20.231\/metrologia\/metrologia-industrial\/\" \/>\n<meta property=\"og:site_name\" content=\"Sistema de metrolog\u00eda\" \/>\n<meta property=\"article:modified_time\" content=\"2023-11-08T18:01:20+00:00\" \/>\n<meta property=\"og:image\" content=\"http:\/\/10.100.20.231\/metrologia\/wp-content\/uploads\/sites\/4\/2023\/10\/platiica-metrologia-industrial.svg\" \/>\n<meta name=\"twitter:card\" content=\"summary_large_image\" \/>\n<meta name=\"twitter:label1\" content=\"Tiempo de lectura\" \/>\n\t<meta name=\"twitter:data1\" content=\"2 minutos\" \/>\n<script type=\"application\/ld+json\" class=\"yoast-schema-graph\">{\"@context\":\"https:\/\/schema.org\",\"@graph\":[{\"@type\":\"WebPage\",\"@id\":\"http:\/\/10.100.20.231\/metrologia\/metrologia-industrial\/\",\"url\":\"http:\/\/10.100.20.231\/metrologia\/metrologia-industrial\/\",\"name\":\"Metrolog\u00eda industrial - Sistema de metrolog\u00eda\",\"isPartOf\":{\"@id\":\"http:\/\/10.100.20.231\/metrologia\/#website\"},\"datePublished\":\"2023-07-14T20:05:05+00:00\",\"dateModified\":\"2023-11-08T18:01:20+00:00\",\"description\":\"Revisa el listado de patrones nacionales de medida autorizados por el Centro Nacional de Metrolog\u00eda y otras autoridades para la trazabilidad metrol\u00f3gica.\",\"breadcrumb\":{\"@id\":\"http:\/\/10.100.20.231\/metrologia\/metrologia-industrial\/#breadcrumb\"},\"inLanguage\":\"es-MX\",\"potentialAction\":[{\"@type\":\"ReadAction\",\"target\":[\"http:\/\/10.100.20.231\/metrologia\/metrologia-industrial\/\"]}]},{\"@type\":\"BreadcrumbList\",\"@id\":\"http:\/\/10.100.20.231\/metrologia\/metrologia-industrial\/#breadcrumb\",\"itemListElement\":[{\"@type\":\"ListItem\",\"position\":1,\"name\":\"Inicio\",\"item\":\"http:\/\/10.100.20.231\/metrologia\/\"},{\"@type\":\"ListItem\",\"position\":2,\"name\":\"Metrolog\u00eda industrial\"}]},{\"@type\":\"WebSite\",\"@id\":\"http:\/\/10.100.20.231\/metrologia\/#website\",\"url\":\"http:\/\/10.100.20.231\/metrologia\/\",\"name\":\"Sistema de metrolog\u00eda\",\"description\":\"\",\"publisher\":{\"@id\":\"http:\/\/10.100.20.231\/metrologia\/#organization\"},\"potentialAction\":[{\"@type\":\"SearchAction\",\"target\":{\"@type\":\"EntryPoint\",\"urlTemplate\":\"http:\/\/10.100.20.231\/metrologia\/?s={search_term_string}\"},\"query-input\":\"required name=search_term_string\"}],\"inLanguage\":\"es-MX\"},{\"@type\":\"Organization\",\"@id\":\"http:\/\/10.100.20.231\/metrologia\/#organization\",\"name\":\"Sistema de metrolog\u00eda\",\"url\":\"http:\/\/10.100.20.231\/metrologia\/\",\"logo\":{\"@type\":\"ImageObject\",\"inLanguage\":\"es-MX\",\"@id\":\"http:\/\/10.100.20.231\/metrologia\/#\/schema\/logo\/image\/\",\"url\":\"http:\/\/10.100.20.231\/metrologia\/wp-content\/uploads\/sites\/4\/2021\/10\/logo-gobierno-mexico.svg\",\"contentUrl\":\"http:\/\/10.100.20.231\/metrologia\/wp-content\/uploads\/sites\/4\/2021\/10\/logo-gobierno-mexico.svg\",\"width\":123,\"height\":36,\"caption\":\"Sistema de metrolog\u00eda\"},\"image\":{\"@id\":\"http:\/\/10.100.20.231\/metrologia\/#\/schema\/logo\/image\/\"}}]}<\/script>\n<!-- \/ Yoast SEO plugin. -->","yoast_head_json":{"title":"Metrolog\u00eda industrial - Sistema de metrolog\u00eda","description":"Revisa el listado de patrones nacionales de medida autorizados por el Centro Nacional de Metrolog\u00eda y otras autoridades para la trazabilidad metrol\u00f3gica.","robots":{"index":"index","follow":"follow","max-snippet":"max-snippet:-1","max-image-preview":"max-image-preview:large","max-video-preview":"max-video-preview:-1"},"canonical":"http:\/\/10.100.20.231\/metrologia\/metrologia-industrial\/","og_locale":"es_MX","og_type":"article","og_title":"Metrolog\u00eda industrial - Sistema de metrolog\u00eda","og_description":"Revisa el listado de patrones nacionales de medida autorizados por el Centro Nacional de Metrolog\u00eda y otras autoridades para la trazabilidad metrol\u00f3gica.","og_url":"http:\/\/10.100.20.231\/metrologia\/metrologia-industrial\/","og_site_name":"Sistema de metrolog\u00eda","article_modified_time":"2023-11-08T18:01:20+00:00","og_image":[{"url":"http:\/\/10.100.20.231\/metrologia\/wp-content\/uploads\/sites\/4\/2023\/10\/platiica-metrologia-industrial.svg"}],"twitter_card":"summary_large_image","twitter_misc":{"Tiempo de lectura":"2 minutos"},"schema":{"@context":"https:\/\/schema.org","@graph":[{"@type":"WebPage","@id":"http:\/\/10.100.20.231\/metrologia\/metrologia-industrial\/","url":"http:\/\/10.100.20.231\/metrologia\/metrologia-industrial\/","name":"Metrolog\u00eda industrial - Sistema de metrolog\u00eda","isPartOf":{"@id":"http:\/\/10.100.20.231\/metrologia\/#website"},"datePublished":"2023-07-14T20:05:05+00:00","dateModified":"2023-11-08T18:01:20+00:00","description":"Revisa el listado de patrones nacionales de medida autorizados por el Centro Nacional de Metrolog\u00eda y otras autoridades para la trazabilidad metrol\u00f3gica.","breadcrumb":{"@id":"http:\/\/10.100.20.231\/metrologia\/metrologia-industrial\/#breadcrumb"},"inLanguage":"es-MX","potentialAction":[{"@type":"ReadAction","target":["http:\/\/10.100.20.231\/metrologia\/metrologia-industrial\/"]}]},{"@type":"BreadcrumbList","@id":"http:\/\/10.100.20.231\/metrologia\/metrologia-industrial\/#breadcrumb","itemListElement":[{"@type":"ListItem","position":1,"name":"Inicio","item":"http:\/\/10.100.20.231\/metrologia\/"},{"@type":"ListItem","position":2,"name":"Metrolog\u00eda industrial"}]},{"@type":"WebSite","@id":"http:\/\/10.100.20.231\/metrologia\/#website","url":"http:\/\/10.100.20.231\/metrologia\/","name":"Sistema de metrolog\u00eda","description":"","publisher":{"@id":"http:\/\/10.100.20.231\/metrologia\/#organization"},"potentialAction":[{"@type":"SearchAction","target":{"@type":"EntryPoint","urlTemplate":"http:\/\/10.100.20.231\/metrologia\/?s={search_term_string}"},"query-input":"required name=search_term_string"}],"inLanguage":"es-MX"},{"@type":"Organization","@id":"http:\/\/10.100.20.231\/metrologia\/#organization","name":"Sistema de metrolog\u00eda","url":"http:\/\/10.100.20.231\/metrologia\/","logo":{"@type":"ImageObject","inLanguage":"es-MX","@id":"http:\/\/10.100.20.231\/metrologia\/#\/schema\/logo\/image\/","url":"http:\/\/10.100.20.231\/metrologia\/wp-content\/uploads\/sites\/4\/2021\/10\/logo-gobierno-mexico.svg","contentUrl":"http:\/\/10.100.20.231\/metrologia\/wp-content\/uploads\/sites\/4\/2021\/10\/logo-gobierno-mexico.svg","width":123,"height":36,"caption":"Sistema de metrolog\u00eda"},"image":{"@id":"http:\/\/10.100.20.231\/metrologia\/#\/schema\/logo\/image\/"}}]}},"_links":{"self":[{"href":"http:\/\/10.100.20.231\/metrologia\/wp-json\/wp\/v2\/pages\/60936"}],"collection":[{"href":"http:\/\/10.100.20.231\/metrologia\/wp-json\/wp\/v2\/pages"}],"about":[{"href":"http:\/\/10.100.20.231\/metrologia\/wp-json\/wp\/v2\/types\/page"}],"author":[{"embeddable":true,"href":"http:\/\/10.100.20.231\/metrologia\/wp-json\/wp\/v2\/users\/5"}],"replies":[{"embeddable":true,"href":"http:\/\/10.100.20.231\/metrologia\/wp-json\/wp\/v2\/comments?post=60936"}],"version-history":[{"count":0,"href":"http:\/\/10.100.20.231\/metrologia\/wp-json\/wp\/v2\/pages\/60936\/revisions"}],"wp:attachment":[{"href":"http:\/\/10.100.20.231\/metrologia\/wp-json\/wp\/v2\/media?parent=60936"}],"curies":[{"name":"wp","href":"https:\/\/api.w.org\/{rel}","templated":true}]}}