{"id":60939,"date":"2023-07-14T14:07:00","date_gmt":"2023-07-14T20:07:00","guid":{"rendered":"http:\/\/10.100.20.231\/metrologia\/?page_id=60939"},"modified":"2023-11-08T12:02:33","modified_gmt":"2023-11-08T18:02:33","slug":"metrologia-legal","status":"publish","type":"page","link":"http:\/\/10.100.20.231\/metrologia\/metrologia-legal\/","title":{"rendered":"Metrolog\u00eda legal"},"content":{"rendered":"\n<div class=\"wp-container-3 wp-block-group alignfull barra contenido-principal max-dos-tercios informativa\" id=\"filtrable\">\n<div class=\"wp-container-1 wp-block-group yoast-breadcrumbs\">\n<p><a href=\"https:\/\/platiica.economia.gob.mx\/\">Inicio<\/a> &gt; <a href=\"https:\/\/platiica.economia.gob.mx\/metrologia\/\">Sistema de metrolog\u00eda<\/a> &gt; Metrolog\u00eda legal<\/p>\n<\/div>\n\n\n\n<h1><strong><strong>Metrolog\u00eda legal<\/strong><\/strong><\/h1>\n\n\n\n<div class=\"wp-block-columns\">\n<div class=\"wp-block-column\" style=\"padding-top:0px;padding-right:0px;padding-bottom:0px;padding-left:0px;flex-basis:60%\">\n<p>De acuerdo con la <a href=\"https:\/\/www.diputados.gob.mx\/LeyesBiblio\/pdf\/LICal_010720.pdf\" data-type=\"URL\" data-id=\"https:\/\/www.diputados.gob.mx\/LeyesBiblio\/pdf\/LICal_010720.pdf\">Ley de Infraestructura de la Calidad<\/a>:&nbsp;<\/p>\n\n\n\n<p>La metrolog\u00eda legal comprende las actividades relativas al control metrol\u00f3gico legal de instrumentos para medir que establezca la evaluaci\u00f3n de la conformidad de las Normas Oficiales Mexicanas y Est\u00e1ndares de metrolog\u00eda legal.<\/p>\n\n\n\n<p>Cuando se establezcan actividades de metrolog\u00eda legal en las Normas Oficiales Mexicanas y Est\u00e1ndares, se deben atender las recomendaciones dispuestas por la <a href=\"https:\/\/www.oiml.org\/en\" data-type=\"URL\" data-id=\"https:\/\/www.oiml.org\/en\">Organizaci\u00f3n Internacional de Metrolog\u00eda Legal<\/a>.<\/p>\n<\/div>\n\n\n\n<div class=\"wp-block-column\" style=\"padding-top:10px;padding-right:10px;padding-bottom:10px;padding-left:10px;flex-basis:40%\">\n<div class=\"wp-block-image\"><figure class=\"aligncenter size-large\"><img loading=\"lazy\" width=\"481\" height=\"362\" src=\"https:\/\/platiica.economia.gob.mx\/metrologia\/wp-content\/uploads\/sites\/4\/2023\/10\/platiica-metrologia-legal.svg\" alt=\"\" class=\"wp-image-61303\" \/><\/figure><\/div>\n<\/div>\n<\/div>\n\n\n\n<p>Corresponde a las Autoridades Normalizadoras, en coordinaci\u00f3n con el <a href=\"https:\/\/platiica.economia.gob.mx\/metrologia\/centro-nacional-de-metrologia-cenam\/\">Centro Nacional de Metrolog\u00eda<\/a> o los <a href=\"https:\/\/platiica.economia.gob.mx\/metrologia\/institutos-designados-de-metrologia\/\">Institutos Designados de Metrolog\u00eda<\/a> competentes, establecer los requisitos metrol\u00f3gicos de los instrumentos para medir sujetos a control legal y que deben ser considerados en la evaluaci\u00f3n de la conformidad, lo cual deber\u00e1 establecerse en las Normas Oficiales Mexicanas de metrolog\u00eda legal.<\/p>\n\n\n\n<p>Las Autoridades Normalizadoras, en el \u00e1mbito de su competencia, elaborar\u00e1n Normas Oficiales Mexicanas de metrolog\u00eda legal con la participaci\u00f3n del Centro Nacional de Metrolog\u00eda y, en su caso, de los Institutos Designados de Metrolog\u00eda, cuando para la tutela de los objetivos leg\u00edtimos de inter\u00e9s p\u00fablico sea necesario establecer el control metrol\u00f3gico legal de instrumentos para medir para asegurar el cumplimiento y la conformidad con las mismas. La Secretar\u00eda, cuando lo considere conveniente, podr\u00e1 participar en la elaboraci\u00f3n de esas Normas Oficiales Mexicanas en coordinaci\u00f3n con las dem\u00e1s Autoridades Normalizadoras.<\/p>\n\n\n\n<p>Las exigencias metrol\u00f3gicas que establezcan las Normas Oficiales Mexicanas de metrolog\u00eda legal y los Est\u00e1ndares ah\u00ed referidos respecto del control metrol\u00f3gico legal de los instrumentos para medir deben ser conmensurables y proporcionales con los riesgos que puedan afectar alg\u00fan objetivo leg\u00edtimo de inter\u00e9s p\u00fablico, cuando al llevar a cabo la evaluaci\u00f3n de la conformidad, exista la posibilidad de tener resultados de medici\u00f3n no confiables como consecuencia del uso de instrumentos para medir que no est\u00e1n bajo control metrol\u00f3gico legal.<\/p>\n\n\n\n<p>Corresponde a la Secretar\u00eda, pudiendo auxiliarse del Centro Nacional de Metrolog\u00eda y, en su caso, de los Institutos Designados de Metrolog\u00eda, elaborar las Normas Oficiales Mexicanas de metrolog\u00eda legal que pretendan asegurar la equidad en las transacciones comerciales y prestaciones de servicios.<\/p>\n\n\n\n<p>Se puede eximir de utilizar los instrumentos para medir previstos en esas Normas Oficiales Mexicanas, en las transacciones comerciales o en la prestaci\u00f3n de servicios que se efect\u00faen en base a cantidad, de acuerdo con lo previsto en el Reglamento de esta Ley.<\/p>\n\n\n\n<p>El Reglamento determinar\u00e1 las bases y reglas para que se publiquen en el Diario Oficial de la Federaci\u00f3n aquellos instrumentos de medici\u00f3n espec\u00edficos que resulten de uso obligatorio.<\/p>\n\n\n\n<p>Los productos empacados o envasados por fabricantes, importadores o comerciantes deber\u00e1n ostentar la informaci\u00f3n en materia de metrolog\u00eda legal que establezcan las Normas Oficiales Mexicanas y los Est\u00e1ndares ah\u00ed referidos, as\u00ed como la dem\u00e1s informaci\u00f3n prevista en \u00e9stas.<\/p>\n\n\n\n<div style=\"height:50px\" aria-hidden=\"true\" class=\"wp-block-spacer espacio-50\"><\/div>\n\n\n\n<div class=\"wp-container-2 wp-block-group adicional\">\n<p><strong>Te puede interesar:<\/strong><\/p>\n\n\n\n<p><a href=\"https:\/\/platiica.economia.gob.mx\/metrologia\/metrologia-cientifica\/\">&gt; Metrolog\u00eda cient\u00edfica<\/a><\/p>\n\n\n\n<p><a href=\"https:\/\/platiica.economia.gob.mx\/metrologia\/metrologia-industrial\/\">&gt; Metrolog\u00eda industrial<\/a><\/p>\n\n\n\n<p><a href=\"https:\/\/platiica.economia.gob.mx\/metrologia\/centro-nacional-de-metrologia-cenam\/\">&gt; Centro Nacional de Metrolog\u00eda<\/a><\/p>\n<\/div>\n<\/div>\n","protected":false},"excerpt":{"rendered":"<p>Los patrones nacionales de medida son referencias comunes para la trazabilidad metrol\u00f3gica establecidas por el Centro Nacional de Metrolog\u00eda (CENAM) con el fin de lograr consistencia en las mediciones.<\/p>\n","protected":false},"author":5,"featured_media":0,"parent":0,"menu_order":0,"comment_status":"closed","ping_status":"closed","template":"","meta":{"_links_to":"","_links_to_target":""},"yoast_head":"<!-- This site is optimized with the Yoast SEO plugin v21.5 - https:\/\/yoast.com\/wordpress\/plugins\/seo\/ -->\n<title>Metrolog\u00eda legal - Sistema de metrolog\u00eda<\/title>\n<meta name=\"description\" content=\"Revisa el listado de patrones nacionales de medida autorizados por el Centro Nacional de Metrolog\u00eda y otras autoridades para la trazabilidad metrol\u00f3gica.\" \/>\n<meta name=\"robots\" content=\"index, follow, max-snippet:-1, max-image-preview:large, max-video-preview:-1\" \/>\n<link rel=\"canonical\" href=\"http:\/\/10.100.20.231\/metrologia\/metrologia-legal\/\" \/>\n<meta property=\"og:locale\" content=\"es_MX\" \/>\n<meta property=\"og:type\" content=\"article\" \/>\n<meta property=\"og:title\" content=\"Metrolog\u00eda legal - Sistema de metrolog\u00eda\" \/>\n<meta property=\"og:description\" content=\"Revisa el listado de patrones nacionales de medida autorizados por el Centro Nacional de Metrolog\u00eda y otras autoridades para la trazabilidad metrol\u00f3gica.\" \/>\n<meta property=\"og:url\" content=\"http:\/\/10.100.20.231\/metrologia\/metrologia-legal\/\" \/>\n<meta property=\"og:site_name\" content=\"Sistema de metrolog\u00eda\" \/>\n<meta property=\"article:modified_time\" content=\"2023-11-08T18:02:33+00:00\" \/>\n<meta property=\"og:image\" content=\"http:\/\/10.100.20.231\/metrologia\/wp-content\/uploads\/sites\/4\/2023\/10\/platiica-metrologia-legal.svg\" \/>\n<meta name=\"twitter:card\" content=\"summary_large_image\" \/>\n<meta name=\"twitter:label1\" content=\"Tiempo de lectura\" \/>\n\t<meta name=\"twitter:data1\" content=\"3 minutos\" \/>\n<script type=\"application\/ld+json\" class=\"yoast-schema-graph\">{\"@context\":\"https:\/\/schema.org\",\"@graph\":[{\"@type\":\"WebPage\",\"@id\":\"http:\/\/10.100.20.231\/metrologia\/metrologia-legal\/\",\"url\":\"http:\/\/10.100.20.231\/metrologia\/metrologia-legal\/\",\"name\":\"Metrolog\u00eda legal - Sistema de metrolog\u00eda\",\"isPartOf\":{\"@id\":\"http:\/\/10.100.20.231\/metrologia\/#website\"},\"datePublished\":\"2023-07-14T20:07:00+00:00\",\"dateModified\":\"2023-11-08T18:02:33+00:00\",\"description\":\"Revisa el listado de patrones nacionales de medida autorizados por el Centro Nacional de Metrolog\u00eda y otras autoridades para la trazabilidad metrol\u00f3gica.\",\"breadcrumb\":{\"@id\":\"http:\/\/10.100.20.231\/metrologia\/metrologia-legal\/#breadcrumb\"},\"inLanguage\":\"es-MX\",\"potentialAction\":[{\"@type\":\"ReadAction\",\"target\":[\"http:\/\/10.100.20.231\/metrologia\/metrologia-legal\/\"]}]},{\"@type\":\"BreadcrumbList\",\"@id\":\"http:\/\/10.100.20.231\/metrologia\/metrologia-legal\/#breadcrumb\",\"itemListElement\":[{\"@type\":\"ListItem\",\"position\":1,\"name\":\"Inicio\",\"item\":\"http:\/\/10.100.20.231\/metrologia\/\"},{\"@type\":\"ListItem\",\"position\":2,\"name\":\"Metrolog\u00eda legal\"}]},{\"@type\":\"WebSite\",\"@id\":\"http:\/\/10.100.20.231\/metrologia\/#website\",\"url\":\"http:\/\/10.100.20.231\/metrologia\/\",\"name\":\"Sistema de metrolog\u00eda\",\"description\":\"\",\"publisher\":{\"@id\":\"http:\/\/10.100.20.231\/metrologia\/#organization\"},\"potentialAction\":[{\"@type\":\"SearchAction\",\"target\":{\"@type\":\"EntryPoint\",\"urlTemplate\":\"http:\/\/10.100.20.231\/metrologia\/?s={search_term_string}\"},\"query-input\":\"required name=search_term_string\"}],\"inLanguage\":\"es-MX\"},{\"@type\":\"Organization\",\"@id\":\"http:\/\/10.100.20.231\/metrologia\/#organization\",\"name\":\"Sistema de metrolog\u00eda\",\"url\":\"http:\/\/10.100.20.231\/metrologia\/\",\"logo\":{\"@type\":\"ImageObject\",\"inLanguage\":\"es-MX\",\"@id\":\"http:\/\/10.100.20.231\/metrologia\/#\/schema\/logo\/image\/\",\"url\":\"http:\/\/10.100.20.231\/metrologia\/wp-content\/uploads\/sites\/4\/2021\/10\/logo-gobierno-mexico.svg\",\"contentUrl\":\"http:\/\/10.100.20.231\/metrologia\/wp-content\/uploads\/sites\/4\/2021\/10\/logo-gobierno-mexico.svg\",\"width\":123,\"height\":36,\"caption\":\"Sistema de metrolog\u00eda\"},\"image\":{\"@id\":\"http:\/\/10.100.20.231\/metrologia\/#\/schema\/logo\/image\/\"}}]}<\/script>\n<!-- \/ Yoast SEO plugin. -->","yoast_head_json":{"title":"Metrolog\u00eda legal - Sistema de metrolog\u00eda","description":"Revisa el listado de patrones nacionales de medida autorizados por el Centro Nacional de Metrolog\u00eda y otras autoridades para la trazabilidad metrol\u00f3gica.","robots":{"index":"index","follow":"follow","max-snippet":"max-snippet:-1","max-image-preview":"max-image-preview:large","max-video-preview":"max-video-preview:-1"},"canonical":"http:\/\/10.100.20.231\/metrologia\/metrologia-legal\/","og_locale":"es_MX","og_type":"article","og_title":"Metrolog\u00eda legal - Sistema de metrolog\u00eda","og_description":"Revisa el listado de patrones nacionales de medida autorizados por el Centro Nacional de Metrolog\u00eda y otras autoridades para la trazabilidad metrol\u00f3gica.","og_url":"http:\/\/10.100.20.231\/metrologia\/metrologia-legal\/","og_site_name":"Sistema de metrolog\u00eda","article_modified_time":"2023-11-08T18:02:33+00:00","og_image":[{"url":"http:\/\/10.100.20.231\/metrologia\/wp-content\/uploads\/sites\/4\/2023\/10\/platiica-metrologia-legal.svg"}],"twitter_card":"summary_large_image","twitter_misc":{"Tiempo de lectura":"3 minutos"},"schema":{"@context":"https:\/\/schema.org","@graph":[{"@type":"WebPage","@id":"http:\/\/10.100.20.231\/metrologia\/metrologia-legal\/","url":"http:\/\/10.100.20.231\/metrologia\/metrologia-legal\/","name":"Metrolog\u00eda legal - Sistema de metrolog\u00eda","isPartOf":{"@id":"http:\/\/10.100.20.231\/metrologia\/#website"},"datePublished":"2023-07-14T20:07:00+00:00","dateModified":"2023-11-08T18:02:33+00:00","description":"Revisa el listado de patrones nacionales de medida autorizados por el Centro Nacional de Metrolog\u00eda y otras autoridades para la trazabilidad metrol\u00f3gica.","breadcrumb":{"@id":"http:\/\/10.100.20.231\/metrologia\/metrologia-legal\/#breadcrumb"},"inLanguage":"es-MX","potentialAction":[{"@type":"ReadAction","target":["http:\/\/10.100.20.231\/metrologia\/metrologia-legal\/"]}]},{"@type":"BreadcrumbList","@id":"http:\/\/10.100.20.231\/metrologia\/metrologia-legal\/#breadcrumb","itemListElement":[{"@type":"ListItem","position":1,"name":"Inicio","item":"http:\/\/10.100.20.231\/metrologia\/"},{"@type":"ListItem","position":2,"name":"Metrolog\u00eda legal"}]},{"@type":"WebSite","@id":"http:\/\/10.100.20.231\/metrologia\/#website","url":"http:\/\/10.100.20.231\/metrologia\/","name":"Sistema de metrolog\u00eda","description":"","publisher":{"@id":"http:\/\/10.100.20.231\/metrologia\/#organization"},"potentialAction":[{"@type":"SearchAction","target":{"@type":"EntryPoint","urlTemplate":"http:\/\/10.100.20.231\/metrologia\/?s={search_term_string}"},"query-input":"required name=search_term_string"}],"inLanguage":"es-MX"},{"@type":"Organization","@id":"http:\/\/10.100.20.231\/metrologia\/#organization","name":"Sistema de metrolog\u00eda","url":"http:\/\/10.100.20.231\/metrologia\/","logo":{"@type":"ImageObject","inLanguage":"es-MX","@id":"http:\/\/10.100.20.231\/metrologia\/#\/schema\/logo\/image\/","url":"http:\/\/10.100.20.231\/metrologia\/wp-content\/uploads\/sites\/4\/2021\/10\/logo-gobierno-mexico.svg","contentUrl":"http:\/\/10.100.20.231\/metrologia\/wp-content\/uploads\/sites\/4\/2021\/10\/logo-gobierno-mexico.svg","width":123,"height":36,"caption":"Sistema de metrolog\u00eda"},"image":{"@id":"http:\/\/10.100.20.231\/metrologia\/#\/schema\/logo\/image\/"}}]}},"_links":{"self":[{"href":"http:\/\/10.100.20.231\/metrologia\/wp-json\/wp\/v2\/pages\/60939"}],"collection":[{"href":"http:\/\/10.100.20.231\/metrologia\/wp-json\/wp\/v2\/pages"}],"about":[{"href":"http:\/\/10.100.20.231\/metrologia\/wp-json\/wp\/v2\/types\/page"}],"author":[{"embeddable":true,"href":"http:\/\/10.100.20.231\/metrologia\/wp-json\/wp\/v2\/users\/5"}],"replies":[{"embeddable":true,"href":"http:\/\/10.100.20.231\/metrologia\/wp-json\/wp\/v2\/comments?post=60939"}],"version-history":[{"count":0,"href":"http:\/\/10.100.20.231\/metrologia\/wp-json\/wp\/v2\/pages\/60939\/revisions"}],"wp:attachment":[{"href":"http:\/\/10.100.20.231\/metrologia\/wp-json\/wp\/v2\/media?parent=60939"}],"curies":[{"name":"wp","href":"https:\/\/api.w.org\/{rel}","templated":true}]}}