{"id":246307,"date":"2025-08-14T18:13:40","date_gmt":"2025-08-15T00:13:40","guid":{"rendered":"http:\/\/10.100.20.231\/normalizacion\/?page_id=246307"},"modified":"2025-08-21T17:07:07","modified_gmt":"2025-08-21T23:07:07","slug":"proy-nom-y-respuesta-a-comentarios","status":"publish","type":"page","link":"http:\/\/10.100.20.231\/normalizacion\/proy-nom-y-respuesta-a-comentarios\/","title":{"rendered":"Proyectos de Normas Oficiales Mexicanas"},"content":{"rendered":"\n<div class=\"wp-container-4 wp-block-group alignfull intro has-background-background-color has-background\" id=\"intro-inicio\">\n<div class=\"wp-block-columns\">\n<div class=\"wp-block-column\" style=\"flex-basis:66.66%\">\n<div class=\"wp-container-1 wp-block-group yoast-breadcrumbs\">\n<p><\/p>\n<\/div>\n\n\n\n<h1 id=\"e-economia-gob-mx\">Proyectos de Normas Oficiales Mexicanas<\/h1>\n<\/div>\n\n\n\n<div class=\"wp-block-column\" style=\"flex-basis:33.33%\"><\/div>\n<\/div>\n\n\n\n<div class=\"wp-block-columns\">\n<div class=\"wp-block-column\" style=\"flex-basis:66.6%\" id=\"intro-buscador\">\n<p style=\"text-align: justify;\">Los Proyectos de Normas Oficiales Mexicanas son propuestas de regulaciones elaboradas por las Autoridades Normalizadoras y aprobadas por sus Comit\u00e9s Consultivos Nacionales de Normalizaci\u00f3n para su publicaci\u00f3n, con la finalidad de que sean consultados durante un plazo no menor a sesenta d\u00edas naturales y que los interesados est\u00e9n en posibilidad de emitir comentarios durante el periodo de consulta p\u00fablica.<\/p>\n\n\n\n<div class=\"wp-container-2 wp-block-buttons\">\n<div class=\"wp-block-button\"><a class=\"wp-block-button__link\" href=\"https:\/\/platiica.economia.gob.mx\/proyectos-de-nom\/\">Proyectos de NOM<\/a><\/div>\n<\/div>\n<\/div>\n\n\n\n<div class=\"wp-block-column\" style=\"flex-basis:33.33%\">\n<div class=\"wp-container-3 wp-block-group\"><\/div>\n<\/div>\n<\/div>\n<\/div>\n\n\n\n<section class=\"wp-container-8 wp-block-group alignfull ancho-completo has-background\" style=\"background-color:#f4f4f4;padding-top:115px;padding-bottom:60px\">\n<div class=\"wp-container-7 wp-block-group contenido\">\n<h1 class=\"max-dos-tercios\" style=\"margin-bottom:92px\"><strong style=\"color: rgba(0, 0, 0, 0.87); font-family: Montserrat, sans-serif; font-size: 54px; white-space-collapse: collapse;\">Respuestas a comentarios de Proyectos de Normas Oficiales Mexicanas<\/strong><\/h1>\n\n\n\n<p style=\"text-align: justify;\">En esta secci\u00f3n se encuentran disponibles las respuestas a los comentarios recibidos durante el per\u00edodo de consulta p\u00fablica, respecto de los Proyectos de Normas Oficiales Mexicanas.<\/p>\n\n\n\n<div class=\"wp-container-5 wp-block-buttons\">\n<div class=\"wp-block-button\"><a class=\"wp-block-button__link\" href=\"https:\/\/platiica.economia.gob.mx\/normalizacion\/?page_id=246304\">Respuestas a comentarios<\/a><\/div>\n<\/div>\n\n\n\n<div class=\"wp-container-6 wp-block-buttons\"><\/div>\n<\/div>\n<\/section>\n\n\n\n<p><\/p>\n","protected":false},"excerpt":{"rendered":"<p>Proyectos de Normas Oficiales Mexicanas Los Proyectos de Normas Oficiales Mexicanas son propuestas de regulaciones elaboradas por las Autoridades Normalizadoras y aprobadas por sus Comit\u00e9s Consultivos Nacionales de Normalizaci\u00f3n para su publicaci\u00f3n, con la finalidad de que sean consultados durante un plazo no menor a sesenta d\u00edas naturales y que los interesados est\u00e9n en posibilidad [&hellip;]<\/p>\n","protected":false},"author":40,"featured_media":0,"parent":0,"menu_order":0,"comment_status":"closed","ping_status":"closed","template":"","meta":{"_links_to":"","_links_to_target":""},"_links":{"self":[{"href":"http:\/\/10.100.20.231\/normalizacion\/wp-json\/wp\/v2\/pages\/246307"}],"collection":[{"href":"http:\/\/10.100.20.231\/normalizacion\/wp-json\/wp\/v2\/pages"}],"about":[{"href":"http:\/\/10.100.20.231\/normalizacion\/wp-json\/wp\/v2\/types\/page"}],"author":[{"embeddable":true,"href":"http:\/\/10.100.20.231\/normalizacion\/wp-json\/wp\/v2\/users\/40"}],"replies":[{"embeddable":true,"href":"http:\/\/10.100.20.231\/normalizacion\/wp-json\/wp\/v2\/comments?post=246307"}],"version-history":[{"count":0,"href":"http:\/\/10.100.20.231\/normalizacion\/wp-json\/wp\/v2\/pages\/246307\/revisions"}],"wp:attachment":[{"href":"http:\/\/10.100.20.231\/normalizacion\/wp-json\/wp\/v2\/media?parent=246307"}],"curies":[{"name":"wp","href":"https:\/\/api.w.org\/{rel}","templated":true}]}}