{"id":47757,"date":"2022-08-09T10:51:32","date_gmt":"2022-08-09T15:51:32","guid":{"rendered":"http:\/\/10.100.20.231\/normalizacion\/?page_id=47757"},"modified":"2026-02-19T17:14:14","modified_gmt":"2026-02-19T23:14:14","slug":"autoridades-normalizadoras-y-comites-consultivos-nacionales-de-normalizacion","status":"publish","type":"page","link":"http:\/\/10.100.20.231\/normalizacion\/autoridades-normalizadoras-y-comites-consultivos-nacionales-de-normalizacion\/","title":{"rendered":"Autoridades normalizadoras y comit\u00e9s consultivos nacionales de normalizaci\u00f3n"},"content":{"rendered":"\n<div class=\"wp-container-5 wp-block-group alignfull barra contenido-principal max-dos-tercios informativa\" id=\"filtrable\">\n<div class=\"wp-container-1 wp-block-group yoast-breadcrumbs\">\n<p><a href=\"https:\/\/platiica.economia.gob.mx\/\">Inicio<\/a> &gt; <a href=\"https:\/\/platiica.economia.gob.mx\/normalizacion\/\">Normalizaci\u00f3n<\/a> &gt; <a href=\"https:\/\/platiica.economia.gob.mx\/normalizacion\/normas-oficiales-mexicanas\/\">Normas Oficiales Mexicanas<\/a> &gt; Autoridades normalizadoras y comit\u00e9s consultivos nacionales de normalizaci\u00f3n<\/p>\n<\/div>\n\n\n\n<h1><strong>Autoridades Normalizadoras y Comit\u00e9s Consultivos Nacionales de Normalizaci\u00f3n<\/strong><\/h1>\n\n\n\n<p><p style=\"text-align: justify;\">Las Autoridades Normalizadoras (AN) cuentan con facultades y atribuciones para elaborar, expedir, modificar, revisar y cancelar Normas Oficiales Mexicanas y Est\u00e1ndares, y contribuyen en la integraci\u00f3n y el cumplimento del Programa Nacional de Infraestructura de la Calidad&nbsp;y&nbsp;su&nbsp;Suplemento.<\/p><\/p>\n\n\n\n<p><\/p>\n\n\n\n<p><p style=\"text-align: justify;\">Las Autoridades Normalizadoras procuran el desarrollo de pol\u00edticas p\u00fablicas que contribuyen a la modernizaci\u00f3n del Sistema Nacional de Infraestructura de la Calidad, as\u00ed como a la protecci\u00f3n de los objetivos leg\u00edtimos de inter\u00e9s p\u00fablico.<\/p><\/p>\n\n\n\n<p><p style=\"text-align: justify;\">Corresponde a las Autoridades Normalizadoras, seg\u00fan su \u00e1mbito de competencia, constituir, presidir y<br>coordinar los Comit\u00e9s Consultivos Nacionales de Normalizaci\u00f3n, quienes conducen el proceso de normalizaci\u00f3n de las propuestas de Normas Oficiales Mexicanas que les presentan las Autoridades Normalizadoras.<\/p><\/p>\n\n\n\n<p><\/p>\n\n\n\n<p><p style=\"text-align: justify;\">Dichos comit\u00e9s est\u00e1n integrados de manera equilibrada por dependencias, c\u00e1maras empresariales y confederaciones, organizaciones de industriales, prestadores de servicios, comerciantes; centros de investigaci\u00f3n cient\u00edfica o tecnol\u00f3gica, colegios de profesionales y consumidores, entre otros, conforme a las Reglas de Operaci\u00f3n de cada Comit\u00e9.<\/p><\/p>\n\n\n\n<h3>Autoridades Normalizadoras y Comit\u00e9s Consultivos Nacionales de Normalizaci\u00f3n:<\/h3>\n\n\n\n<p><\/p>\n\n\n\n<p><strong>Secretar\u00eda de Seguridad y Protecci\u00f3n Ciudadana (SSPC)<\/strong><\/p>\n\n\n\n<p>Comit\u00e9 Consultivo Nacional de Normalizaci\u00f3n de Seguridad y Protecci\u00f3n Ciudadana (CCNNSPC)<\/p>\n\n\n\n<p>Comit\u00e9 Consultivo Nacional de Normalizaci\u00f3n sobre Protecci\u00f3n Civil y Prevenci\u00f3n de Desastres (CONAPROC) <\/p>\n\n\n\n<p><a href=\"https:\/\/platiica.economia.gob.mx\/wp-content\/uploads\/sites\/2\/OTROS\/Reglas%20de%20operaci%C3%B3n%20del%20CONAPROC.pdf?_t=1751938208\" data-type=\"URL\" data-id=\"https:\/\/platiica.economia.gob.mx\/wp-content\/uploads\/sites\/2\/OTROS\/Reglas%20de%20operaci%C3%B3n%20del%20CONAPROC.pdf?_t=1751938208\" target=\"_blank\" rel=\"noreferrer noopener\">&gt;Reglas de operaci\u00f3n CONAPROC<\/a><\/p>\n\n\n\n<div class=\"wp-container-2 wp-block-buttons\"><\/div>\n\n\n\n<p><strong>Secretar\u00eda de Bienestar<\/strong><\/p>\n\n\n\n<p>Comit\u00e9 Consultivo Nacional de Normalizaci\u00f3n de Seguridad y Servicios en la Edificaci\u00f3n (CCNNSSE)<\/p>\n\n\n\n<p><strong>Secretar\u00eda de Medio Ambiente y Recursos Naturales (SEMARNAT)<\/strong><\/p>\n\n\n\n<p>Comit\u00e9 Consultivo Nacional de Normalizaci\u00f3n de Medio Ambiente y Recursos Naturales (COMARNAT)<\/p>\n\n\n\n<p><a href=\"https:\/\/www.gob.mx\/cms\/uploads\/attachment\/file\/773928\/RO_COMARNAT_2022.pdf\" target=\"_blank\" rel=\"noreferrer noopener\">&gt;Reglas de operaci\u00f3n COMARNAT<\/a><\/p>\n\n\n\n<div class=\"wp-container-3 wp-block-buttons\"><\/div>\n\n\n\n<p><strong>Secretar\u00eda de Energ\u00eda (SENER)<\/strong><\/p>\n\n\n\n<p>Comit\u00e9 Consultivo Nacional de Normalizaci\u00f3n del Sector El\u00e9ctrico (CCNNSELEC)<\/p>\n\n\n\n<p>Comit\u00e9 Consultivo Nacional de Normalizaci\u00f3n del Sector Hidrocarburos (CCNNSH)<\/p>\n\n\n\n<p>Comit\u00e9 Consultivo Nacional de Normalizaci\u00f3n de Transici\u00f3n Energ\u00e9tica (CCNNTE)<\/p>\n\n\n\n<p><strong>Secretar\u00eda de Econom\u00eda (SE)<\/strong><\/p>\n\n\n\n<p>Comit\u00e9 Consultivo Nacional de Normalizaci\u00f3n de la Secretar\u00eda de Econom\u00eda (CCONNSE)<\/p>\n\n\n\n<p><a href=\"https:\/\/platiica.economia.gob.mx\/wp-content\/uploads\/sites\/2\/OTROS\/Reglas%20de%20Operaci%C3%B3n%20CCONNSE%20Feb%202018.pdf?_t=1771539292\" _blank\"=\"\" rel=\"noreferrer noopener\">&gt;Reglas de operaci\u00f3n CCONNSE<\/a><\/p>\n\n\n\n<p><strong>Secretar\u00eda de Agricultura y Desarrollo Rural (SADER)<\/strong><\/p>\n\n\n\n<p>Comit\u00e9 Consultivo Nacional de Normalizaci\u00f3n Agroalimentaria (CCNNA)<\/p>\n\n\n\n<p><a href=\"https:\/\/www.dof.gob.mx\/nota_detalle.php?codigo=5654492&amp;fecha=08\/06\/2022#gsc.tab=0\" data-type=\"URL\" data-id=\"https:\/\/www.dof.gob.mx\/nota_detalle.php?codigo=5654492&amp;fecha=08\/06\/2022#gsc.tab=0\" target=\"_blank\" rel=\"noreferrer noopener\">&gt; Reglas de Operaci\u00f3n CCNNA<\/a><\/p>\n\n\n\n<p><strong>Secretar\u00eda de Infraestructura, Comunicaciones y Transportes (SICT)<\/strong><\/p>\n\n\n\n<p>Comit\u00e9 Consultivo Nacional de Normalizaci\u00f3n de Transporte Terrestre (CCNN-TT)<\/p>\n\n\n\n<p><strong>Secretar\u00eda de Salud<\/strong><\/p>\n\n\n\n<p>Comit\u00e9 Consultivo Nacional de Normalizaci\u00f3n de Salud P\u00fablica (CCNNSP)<\/p>\n\n\n\n<p><a href=\"https:\/\/dof.gob.mx\/nota_detalle.php?codigo=5670103&amp;fecha=31\/10\/2022#gsc.tab=0\" target=\"_blank\" rel=\"noreferrer noopener\">&gt;Reglas de operaci\u00f3n CCNNSP<\/a><\/p>\n\n\n\n<p>Comit\u00e9 Consultivo Nacional de Normalizaci\u00f3n de la Atenci\u00f3n M\u00e9dica y de Asistencia Social de la Secretar\u00eda de Salud (CCNNAMAS)<\/p>\n\n\n\n<p><strong>Secretar\u00eda del Trabajo y Previsi\u00f3n Social (STPS)<\/strong><\/p>\n\n\n\n<p>Comit\u00e9 Consultivo Nacional de Normalizaci\u00f3n de Seguridad y Salud en el Trabajo (CCNNSST)<\/p>\n\n\n\n<p><a href=\"https:\/\/www.dof.gob.mx\/nota_detalle.php?codigo=5609057&amp;fecha=29%2F12%2F2020#gsc.tab=0\" data-type=\"URL\" data-id=\"https:\/\/www.dof.gob.mx\/nota_detalle.php?codigo=5609057&amp;fecha=29%2F12%2F2020#gsc.tab=0\" target=\"_blank\" rel=\"noreferrer noopener\">&gt;Reglas de operaci\u00f3n CCNNSST<\/a><\/p>\n\n\n\n<p><strong>Secretar\u00eda de Desarrollo Agrario, Territorial y Urbano (SEDATU)<\/strong><\/p>\n\n\n\n<p>Comit\u00e9 Consultivo Nacional de Normalizaci\u00f3n de Ordenamiento Territorial y Desarrollo Urbano (CCNNOTDU)<\/p>\n\n\n\n<p><a href=\"https:\/\/platiica.economia.gob.mx\/wp-content\/uploads\/sites\/2\/OTROS\/Reglas%20de%20operaci%C3%B3n%20CCNNOTDU.pdf?_t=1764976435\" data-type=\"URL\" data-id=\"https:\/\/platiica.economia.gob.mx\/wp-content\/uploads\/sites\/2\/OTROS\/Reglas%20de%20operaci%C3%B3n%20CCNNOTDU.pdf?_t=1764976435\" target=\"_blank\" rel=\"noreferrer noopener\">&gt;Reglas de operaci\u00f3n CCNNOTDU<\/a><\/p>\n\n\n\n<p><strong>Secretar\u00eda de Turismo (SECTUR)<\/strong><\/p>\n\n\n\n<p>Comit\u00e9 Consultivo Nacional de Normalizaci\u00f3n Tur\u00edstica (CCNNT)<\/p>\n\n\n\n<p><a rel=\"noreferrer noopener\" href=\"http:\/\/www.sectur.gob.mx\/gobmx\/wp-content\/uploads\/2014\/08\/Reglas-de-Operacion-CCNNT.pdf\" data-type=\"URL\" target=\"_blank\">&gt;Reglas de operaci\u00f3n CCNNT<\/a><\/p>\n\n\n\n<p><strong>Secretar\u00eda de Marina (SEMAR)<\/strong><\/p>\n\n\n\n<p>Comit\u00e9 Consultivo Nacional de Normalizaci\u00f3n de la Secretar\u00eda de Marina (CCNN-SEMAR)<\/p>\n\n\n\n<p><strong>Agencia Nacional de Seguridad Industrial y de Protecci\u00f3n al Medio Ambiente del Sector Hidrocarburos (ASEA)<\/strong><\/p>\n\n\n\n<p>Comit\u00e9 Consultivo Nacional de Normalizaci\u00f3n de Seguridad Industrial y Operativa y Protecci\u00f3n al Medio Ambiente del Sector Hidrocarburos (CONASEA)<\/p>\n\n\n\n<p><strong>Comisi\u00f3n Federal para la Protecci\u00f3n contra Riesgos Sanitarios, el Servicio Nacional de Sanidad (COFEPRIS)<\/strong><\/p>\n\n\n\n<p>Comit\u00e9 Consultivo Nacional de Normalizaci\u00f3n de Regulaci\u00f3n y Fomento Sanitario (CCNNRFS)<\/p>\n\n\n\n<p><strong>Comisi\u00f3n Nacional del Agua (CONAGUA)<\/strong><\/p>\n\n\n\n<p>Comit\u00e9 Consultivo Nacional de Normalizaci\u00f3n del Sector Agua (CCNNSA)<\/p>\n\n\n\n<p><a rel=\"noreferrer noopener\" href=\"http:\/\/www.sectur.gob.mx\/gobmx\/wp-content\/uploads\/2014\/08\/Reglas-de-Operacion-CCNNT.pdf\" data-type=\"URL\" target=\"_blank\">&gt;<\/a><a href=\"https:\/\/www.gob.mx\/cms\/uploads\/attachment\/file\/112317\/Reglas_de_Operacion_CCNNSA2014.pdf\" data-type=\"URL\" target=\"_blank\" rel=\"noreferrer noopener\">Reglas de operaci\u00f3n CCNNSA<\/a><\/p>\n\n\n\n<p><strong>Agencia Federal de Aviaci\u00f3n Civil (AFAC)<\/strong><\/p>\n\n\n\n<p>Comit\u00e9 Consultivo Nacional de Normalizaci\u00f3n de Transporte A\u00e9reo (CCNN-TA)<\/p>\n\n\n\n<p><a rel=\"noreferrer noopener\" href=\"https:\/\/www.gob.mx\/cms\/uploads\/attachment\/file\/603341\/reglas-operacion-ccnn-ta-final-20042018.pdf\" data-type=\"URL\" target=\"_blank\">&gt;Reglas de operaci\u00f3n CCNNTA<\/a><\/p>\n\n\n\n<p><strong>Agencia de Trenes y Transporte P\u00fablico Integrado (ATTRAPI)<\/strong><\/p>\n\n\n\n<p>Comit\u00e9 Consultivo Nacional de Normalizaci\u00f3n de Transporte Ferroviario (CCNN-TF)<\/p>\n\n\n\n<p><strong>Comisi\u00f3n Nacional de Seguridad Nuclear y Salvaguardias (CNSNS)<\/strong><\/p>\n\n\n\n<p>Comit\u00e9 Consultivo Nacional de Normalizaci\u00f3n de Seguridad Nuclear y Salvaguardias (CCNNSNyS)<\/p>\n\n\n\n<p><strong>Comisi\u00f3n Nacional para el Uso Eficiente de la Energ\u00eda (CONUEE)<\/strong><\/p>\n\n\n\n<p>Comit\u00e9 Consultivo Nacional de Normalizaci\u00f3n para la Preservaci\u00f3n y Uso Racional de los Recursos Energ\u00e9ticos (CCNNPURRE)<\/p>\n\n\n\n<p><a href=\"https:\/\/www.cmic.org.mx\/sectores\/energetica\/notas\/Nota%20informativa%20CCNPURRE%20300823.pdf\" data-type=\"URL\" data-id=\"https:\/\/www.cmic.org.mx\/sectores\/energetica\/notas\/Nota%20informativa%20CCNPURRE%20300823.pdf\" target=\"_blank\" rel=\"noreferrer noopener\">&gt;Reglas de operaci\u00f3n <\/a><a href=\"https:\/\/www.gob.mx\/cms\/uploads\/attachment\/file\/955931\/Reglas_de_operaci_n_CCNNPURRE.pdf\" data-type=\"URL\" data-id=\"https:\/\/www.gob.mx\/cms\/uploads\/attachment\/file\/955931\/Reglas_de_operaci_n_CCNNPURRE.pdf\" target=\"_blank\" rel=\"noreferrer noopener\">CCNNPURRE<\/a><\/p>\n\n\n\n<div class=\"wp-container-4 wp-block-group adicional\">\n<p><strong>Te puede interesar:<\/strong><\/p>\n\n\n\n<p><a href=\"https:\/\/platiica.economia.gob.mx\/normalizacion\/procedimiento-de-elaboracion-y-expedicion-de-las-normas-oficiales-mexicanas\/\" data-type=\"URL\" data-id=\"https:\/\/platiica.economia.gob.mx\/normalizacion\/procedimiento-de-elaboracion-y-expedicion-de-las-normas-oficiales-mexicanas\/\">&gt; Procedimiento de elaboraci\u00f3n y expedici\u00f3n de las Normas Oficiales Mexicanas<\/a><\/p>\n\n\n\n<p><a href=\"https:\/\/platiica.economia.gob.mx\/normalizacion\/procedimiento-de-modificacion-y-cancelacion-de-las-normas-oficiales-mexicanas\/\" data-type=\"URL\" data-id=\"https:\/\/platiica.economia.gob.mx\/normalizacion\/procedimiento-de-modificacion-y-cancelacion-de-las-normas-oficiales-mexicanas\/\">&gt; Procedimiento de modificaci\u00f3n y cancelaci\u00f3n de Normas Oficiales Mexicanas<\/a><\/p>\n\n\n\n<p><a href=\"https:\/\/platiica.economia.gob.mx\/proyectos-de-nom\" data-type=\"URL\" data-id=\"https:\/\/platiica.economia.gob.mx\/proyectos-de-nom\">&gt; Proyectos de Normas Oficiales Mexicanas<\/a><\/p>\n<\/div>\n<\/div>\n","protected":false},"excerpt":{"rendered":"<p>Las autoridades normalizadoras contribuyen en la creaci\u00f3n y el cumplimento del Programa Nacional de Infraestructura de la Calidad y constituyen comit\u00e9s consultivos nacionales de normalizaci\u00f3n para proponer proyectos de Normas Oficiales Mexicanas.<\/p>\n","protected":false},"author":1,"featured_media":0,"parent":0,"menu_order":0,"comment_status":"closed","ping_status":"closed","template":"","meta":{"_links_to":"","_links_to_target":""},"_links":{"self":[{"href":"http:\/\/10.100.20.231\/normalizacion\/wp-json\/wp\/v2\/pages\/47757"}],"collection":[{"href":"http:\/\/10.100.20.231\/normalizacion\/wp-json\/wp\/v2\/pages"}],"about":[{"href":"http:\/\/10.100.20.231\/normalizacion\/wp-json\/wp\/v2\/types\/page"}],"author":[{"embeddable":true,"href":"http:\/\/10.100.20.231\/normalizacion\/wp-json\/wp\/v2\/users\/1"}],"replies":[{"embeddable":true,"href":"http:\/\/10.100.20.231\/normalizacion\/wp-json\/wp\/v2\/comments?post=47757"}],"version-history":[{"count":0,"href":"http:\/\/10.100.20.231\/normalizacion\/wp-json\/wp\/v2\/pages\/47757\/revisions"}],"wp:attachment":[{"href":"http:\/\/10.100.20.231\/normalizacion\/wp-json\/wp\/v2\/media?parent=47757"}],"curies":[{"name":"wp","href":"https:\/\/api.w.org\/{rel}","templated":true}]}}