{"id":47913,"date":"2022-08-29T18:56:41","date_gmt":"2022-08-29T23:56:41","guid":{"rendered":"http:\/\/10.100.20.231\/normalizacion\/?page_id=47913"},"modified":"2023-10-19T12:35:55","modified_gmt":"2023-10-19T18:35:55","slug":"comite-mexicano-para-la-atencion-de-la-comision-panamericana-de-normas-tecnicas-cmcopant","status":"publish","type":"page","link":"http:\/\/10.100.20.231\/normalizacion\/comite-mexicano-para-la-atencion-de-la-comision-panamericana-de-normas-tecnicas-cmcopant\/","title":{"rendered":"Comit\u00e9 Mexicano para la Atenci\u00f3n de la Comisi\u00f3n Panamericana de Normas T\u00e9cnicas (CMCOPANT)"},"content":{"rendered":"\n<div class=\"wp-container-2 wp-block-group alignfull barra contenido-principal max-dos-tercios informativa\" id=\"filtrable\">\n<div class=\"wp-container-1 wp-block-group yoast-breadcrumbs\">\n<p><a href=\"https:\/\/platiica.economia.gob.mx\/\">Inicio<\/a> &gt; <a href=\"https:\/\/platiica.economia.gob.mx\/normalizacion\/\">Normalizaci\u00f3n<\/a> &gt; <a href=\"https:\/\/platiica.economia.gob.mx\/normalizacion\/comites-mexicanos-de-atencion-a-organismos-internacionales\/\">Comit\u00e9s Mexicanos de atenci\u00f3n a organismos internacionales<\/a> &gt; <strong><strong><strong><strong><strong>Comit\u00e9 Mexicano para la Atenci\u00f3n de la Comisi\u00f3n Panamericana de Normas T\u00e9cnicas (CMCOPANT)<\/strong><\/strong><\/strong><\/strong><\/strong><\/p>\n<\/div>\n\n\n\n<h1><strong><strong>Comit\u00e9 Mexicano para la Atenci\u00f3n de la Comisi\u00f3n Panamericana de Normas T\u00e9cnicas (CMCOPANT)<\/strong><\/strong><\/h1>\n\n\n\n<p>El Comit\u00e9 Mexicano para la Atenci\u00f3n de la Comisi\u00f3n Panamericana de Normas T\u00e9cnicas (CMCOPANT) es un \u00f3rgano colegiado de la Direcci\u00f3n General de Normas (DGN) responsable de coordinar la participaci\u00f3n de M\u00e9xico en los trabajos y reuniones de los Comit\u00e9s T\u00e9cnicos (CTs) de la <a href=\"https:\/\/platiica.economia.gob.mx\/normalizacion\/comision-panamericana-de-normas-tecnicas-copant\/\">COPANT<\/a>. El CMCOPANT promueve el desarrollo de las actividades normalizadoras en todos los campos.<\/p>\n<\/div>\n","protected":false},"excerpt":{"rendered":"<p>Direcci\u00f3n General de Normas (DGN) responsable de coordinar la participaci\u00f3n de M\u00e9xico en los trabajos y reuniones de los Comit\u00e9s T\u00e9cnicos (CTs) de la COPANT. <\/p>\n","protected":false},"author":1,"featured_media":0,"parent":0,"menu_order":0,"comment_status":"closed","ping_status":"closed","template":"","meta":{"_links_to":"","_links_to_target":""},"_links":{"self":[{"href":"http:\/\/10.100.20.231\/normalizacion\/wp-json\/wp\/v2\/pages\/47913"}],"collection":[{"href":"http:\/\/10.100.20.231\/normalizacion\/wp-json\/wp\/v2\/pages"}],"about":[{"href":"http:\/\/10.100.20.231\/normalizacion\/wp-json\/wp\/v2\/types\/page"}],"author":[{"embeddable":true,"href":"http:\/\/10.100.20.231\/normalizacion\/wp-json\/wp\/v2\/users\/1"}],"replies":[{"embeddable":true,"href":"http:\/\/10.100.20.231\/normalizacion\/wp-json\/wp\/v2\/comments?post=47913"}],"version-history":[{"count":0,"href":"http:\/\/10.100.20.231\/normalizacion\/wp-json\/wp\/v2\/pages\/47913\/revisions"}],"wp:attachment":[{"href":"http:\/\/10.100.20.231\/normalizacion\/wp-json\/wp\/v2\/media?parent=47913"}],"curies":[{"name":"wp","href":"https:\/\/api.w.org\/{rel}","templated":true}]}}